{"id":198548,"date":"2025-06-10T11:32:38","date_gmt":"2025-06-10T09:32:49","guid":{"rendered":"https:\/\/www.laperlavalles.cat\/product\/vaselina-balsamo-labial-original-7g\/"},"modified":"2025-07-01T09:51:47","modified_gmt":"2025-07-01T07:51:47","slug":"vaselina-balsamo-labial-original-7g","status":"publish","type":"product","link":"https:\/\/www.laperlavalles.cat\/es\/product\/vaselina-balsamo-labial-original-7g\/","title":{"rendered":"VASELINA B\u00c1LSAMO LABIAL ORIGINAL 7G"},"content":{"rendered":"<p>B\u00e1lsamo labial en formato peque\u00f1o, formulado con vaselina pura, ideal para hidratar, suavizar y proteger los labios secos o agrietados. Proporciona alivio instant\u00e1neo, sella la humedad y ayuda a prevenir la sequedad y la irritaci\u00f3n. Su textura no grasa ni pegajosa lo hace perfecto para el uso diario. Deja los labios con un acabado natural y brillante, y es apto para todo tipo de piel. Pr\u00e1ctico para llevar en el bolsillo o el bolso.<\/p>\n","protected":false},"excerpt":{"rendered":"<p>B\u00e1lsamo labial en formato peque\u00f1o, formulado con vaselina pura, ideal para hidratar, suavizar y proteger los labios secos o agrietados. Proporciona alivio instant\u00e1neo, sella la humedad<span class=\"excerpt-hellip\"> [\u2026]<\/span><\/p>\n","protected":false},"featured_media":198537,"comment_status":"open","ping_status":"closed","template":"","meta":[],"product_cat":[8403,8484],"product_tag":[],"_links":{"self":[{"href":"https:\/\/www.laperlavalles.cat\/es\/wp-json\/wp\/v2\/product\/198548"}],"collection":[{"href":"https:\/\/www.laperlavalles.cat\/es\/wp-json\/wp\/v2\/product"}],"about":[{"href":"https:\/\/www.laperlavalles.cat\/es\/wp-json\/wp\/v2\/types\/product"}],"replies":[{"embeddable":true,"href":"https:\/\/www.laperlavalles.cat\/es\/wp-json\/wp\/v2\/comments?post=198548"}],"wp:featuredmedia":[{"embeddable":true,"href":"https:\/\/www.laperlavalles.cat\/es\/wp-json\/wp\/v2\/media\/198537"}],"wp:attachment":[{"href":"https:\/\/www.laperlavalles.cat\/es\/wp-json\/wp\/v2\/media?parent=198548"}],"wp:term":[{"taxonomy":"product_cat","embeddable":true,"href":"https:\/\/www.laperlavalles.cat\/es\/wp-json\/wp\/v2\/product_cat?post=198548"},{"taxonomy":"product_tag","embeddable":true,"href":"https:\/\/www.laperlavalles.cat\/es\/wp-json\/wp\/v2\/product_tag?post=198548"}],"curies":[{"name":"wp","href":"https:\/\/api.w.org\/{rel}","templated":true}]}}

VASELINA BÁLSAMO LABIAL ORIGINAL 7G

<p>Bálsamo labial en formato pequeño, formulado con vaselina pura, ideal para hidratar, suavizar y proteger los labios secos o agrietados. Proporciona alivio instantáneo, sella la humedad y ayuda a prevenir la sequedad y la irritación. Su textura no grasa ni pegajosa lo hace perfecto para el uso diario. Deja los labios con un acabado natural y brillante, y es apto para todo tipo de piel. Práctico para llevar en el bolsillo o el bolso.</p>

<p>Bálsamo labial en formato pequeño, formulado con vaselina pura, ideal para hidratar, suavizar y proteger los labios secos o agrietados. Proporciona alivio instantáneo, sella la humedad<span class="excerpt-hellip"> […]</span></p>
