{"id":198568,"date":"2025-06-10T11:33:41","date_gmt":"2025-06-10T09:33:52","guid":{"rendered":"https:\/\/www.laperlavalles.cat\/product\/vaselina-balsamo-labial-original-48g\/"},"modified":"2025-07-01T09:42:33","modified_gmt":"2025-07-01T07:42:33","slug":"vaselina-balsamo-labial-original-48g","status":"publish","type":"product","link":"https:\/\/www.laperlavalles.cat\/es\/product\/vaselina-balsamo-labial-original-48g\/","title":{"rendered":"VASELINA B\u00c1LSAMO LABIAL ORIGINAL 4,8G"},"content":{"rendered":"<p>B\u00e1lsamo labial en barra con vaselina pura, especialmente formulado para hidratar, proteger y suavizar los labios secos o agrietados. Proporciona hidrataci\u00f3n esencial, sella la humedad y deja los labios con una sensaci\u00f3n suave y saludable. Su f\u00f3rmula, enriquecida con vitamina E, manteca de karit\u00e9 y aceite de aguacate, nutre y repara, ofreciendo alivio inmediato y protecci\u00f3n duradera. Textura ligera, no grasa ni pegajosa, ideal para uso diario y f\u00e1cil de llevar en el bolsillo o el bolso<\/p>\n","protected":false},"excerpt":{"rendered":"<p>B\u00e1lsamo labial en barra con vaselina pura, especialmente formulado para hidratar, proteger y suavizar los labios secos o agrietados. Proporciona hidrataci\u00f3n esencial, sella la humedad y<span class=\"excerpt-hellip\"> [\u2026]<\/span><\/p>\n","protected":false},"featured_media":198557,"comment_status":"open","ping_status":"closed","template":"","meta":[],"product_cat":[8403,8484],"product_tag":[],"_links":{"self":[{"href":"https:\/\/www.laperlavalles.cat\/es\/wp-json\/wp\/v2\/product\/198568"}],"collection":[{"href":"https:\/\/www.laperlavalles.cat\/es\/wp-json\/wp\/v2\/product"}],"about":[{"href":"https:\/\/www.laperlavalles.cat\/es\/wp-json\/wp\/v2\/types\/product"}],"replies":[{"embeddable":true,"href":"https:\/\/www.laperlavalles.cat\/es\/wp-json\/wp\/v2\/comments?post=198568"}],"wp:featuredmedia":[{"embeddable":true,"href":"https:\/\/www.laperlavalles.cat\/es\/wp-json\/wp\/v2\/media\/198557"}],"wp:attachment":[{"href":"https:\/\/www.laperlavalles.cat\/es\/wp-json\/wp\/v2\/media?parent=198568"}],"wp:term":[{"taxonomy":"product_cat","embeddable":true,"href":"https:\/\/www.laperlavalles.cat\/es\/wp-json\/wp\/v2\/product_cat?post=198568"},{"taxonomy":"product_tag","embeddable":true,"href":"https:\/\/www.laperlavalles.cat\/es\/wp-json\/wp\/v2\/product_tag?post=198568"}],"curies":[{"name":"wp","href":"https:\/\/api.w.org\/{rel}","templated":true}]}}

VASELINA BÁLSAMO LABIAL ORIGINAL 4,8G

<p>Bálsamo labial en barra con vaselina pura, especialmente formulado para hidratar, proteger y suavizar los labios secos o agrietados. Proporciona hidratación esencial, sella la humedad y deja los labios con una sensación suave y saludable. Su fórmula, enriquecida con vitamina E, manteca de karité y aceite de aguacate, nutre y repara, ofreciendo alivio inmediato y protección duradera. Textura ligera, no grasa ni pegajosa, ideal para uso diario y fácil de llevar en el bolsillo o el bolso</p>

<p>Bálsamo labial en barra con vaselina pura, especialmente formulado para hidratar, proteger y suavizar los labios secos o agrietados. Proporciona hidratación esencial, sella la humedad y<span class="excerpt-hellip"> […]</span></p>
