{"id":198628,"date":"2025-06-11T08:00:49","date_gmt":"2025-06-11T06:01:02","guid":{"rendered":"https:\/\/www.laperlavalles.cat\/product\/vaselina-locion-corporal-advanced-repair-600ml\/"},"modified":"2025-09-22T12:12:54","modified_gmt":"2025-09-22T10:12:54","slug":"vaselina-locion-corporal-advanced-repair-600ml","status":"publish","type":"product","link":"https:\/\/www.laperlavalles.cat\/es\/product\/vaselina-locion-corporal-advanced-repair-600ml\/","title":{"rendered":"VASELINA LOCI\u00d3N CORPORAL ADVANCED REPAIR 600ML"},"content":{"rendered":"<p>Loci\u00f3n corporal intensiva para piel muy seca, formulada con microgotas de vaselina jelly y glicerina. Proporciona hidrataci\u00f3n profunda y reparadora, ayudando a restaurar la barrera natural de la piel y aliviar la sequedad desde la primera aplicaci\u00f3n. Su textura ligera y no grasa se absorbe r\u00e1pidamente, dejando la piel suave, flexible y saludable. Cl\u00ednicamente probada para reparar la piel muy seca en solo 5 d\u00edas y mantenerla hidratada hasta 48 horas. Ideal para uso diario y para pieles sensibles.<\/p>\n","protected":false},"excerpt":{"rendered":"<p>Loci\u00f3n corporal intensiva para piel muy seca, formulada con microgotas de vaselina jelly y glicerina. Proporciona hidrataci\u00f3n profunda y reparadora, ayudando a restaurar la barrera natural<span class=\"excerpt-hellip\"> [\u2026]<\/span><\/p>\n","protected":false},"featured_media":198617,"comment_status":"open","ping_status":"closed","template":"","meta":[],"product_cat":[8403,8484],"product_tag":[],"_links":{"self":[{"href":"https:\/\/www.laperlavalles.cat\/es\/wp-json\/wp\/v2\/product\/198628"}],"collection":[{"href":"https:\/\/www.laperlavalles.cat\/es\/wp-json\/wp\/v2\/product"}],"about":[{"href":"https:\/\/www.laperlavalles.cat\/es\/wp-json\/wp\/v2\/types\/product"}],"replies":[{"embeddable":true,"href":"https:\/\/www.laperlavalles.cat\/es\/wp-json\/wp\/v2\/comments?post=198628"}],"wp:featuredmedia":[{"embeddable":true,"href":"https:\/\/www.laperlavalles.cat\/es\/wp-json\/wp\/v2\/media\/198617"}],"wp:attachment":[{"href":"https:\/\/www.laperlavalles.cat\/es\/wp-json\/wp\/v2\/media?parent=198628"}],"wp:term":[{"taxonomy":"product_cat","embeddable":true,"href":"https:\/\/www.laperlavalles.cat\/es\/wp-json\/wp\/v2\/product_cat?post=198628"},{"taxonomy":"product_tag","embeddable":true,"href":"https:\/\/www.laperlavalles.cat\/es\/wp-json\/wp\/v2\/product_tag?post=198628"}],"curies":[{"name":"wp","href":"https:\/\/api.w.org\/{rel}","templated":true}]}}

VASELINA LOCIÓN CORPORAL ADVANCED REPAIR 600ML

<p>Loción corporal intensiva para piel muy seca, formulada con microgotas de vaselina jelly y glicerina. Proporciona hidratación profunda y reparadora, ayudando a restaurar la barrera natural de la piel y aliviar la sequedad desde la primera aplicación. Su textura ligera y no grasa se absorbe rápidamente, dejando la piel suave, flexible y saludable. Clínicamente probada para reparar la piel muy seca en solo 5 días y mantenerla hidratada hasta 48 horas. Ideal para uso diario y para pieles sensibles.</p>

<p>Loción corporal intensiva para piel muy seca, formulada con microgotas de vaselina jelly y glicerina. Proporciona hidratación profunda y reparadora, ayudando a restaurar la barrera natural<span class="excerpt-hellip"> […]</span></p>
