{"id":198818,"date":"2025-06-11T08:40:51","date_gmt":"2025-06-11T06:41:04","guid":{"rendered":"https:\/\/www.laperlavalles.cat\/product\/caldo-promolac-carn-1kg\/"},"modified":"2025-06-11T12:20:16","modified_gmt":"2025-06-11T10:20:16","slug":"caldo-promolac-carn-1kg","status":"publish","type":"product","link":"https:\/\/www.laperlavalles.cat\/es\/product\/caldo-promolac-carn-1kg\/","title":{"rendered":"CALDO PROMOLAC CARN 1KG"},"content":{"rendered":"<p>Caldo de carne en polvo para uso profesional, sin gluten ni al\u00e9rgenos, perfecto para potenciar sopas, arroces, guisos y salsas con un sabor intenso y natural a carne. Se disuelve f\u00e1cilmente y es apto para dietas especiales (sin lactosa ni conservantes). Formato hosteler\u00eda de 1 kg, con un rendimiento aproximado de 50 litros. Certificado halal<\/p>\n","protected":false},"excerpt":{"rendered":"<p>Caldo de carne en polvo para uso profesional, sin gluten ni al\u00e9rgenos, perfecto para potenciar sopas, arroces, guisos y salsas con un sabor intenso y natural<span class=\"excerpt-hellip\"> [\u2026]<\/span><\/p>\n","protected":false},"featured_media":198807,"comment_status":"open","ping_status":"closed","template":"","meta":[],"product_cat":[10618],"product_tag":[],"_links":{"self":[{"href":"https:\/\/www.laperlavalles.cat\/es\/wp-json\/wp\/v2\/product\/198818"}],"collection":[{"href":"https:\/\/www.laperlavalles.cat\/es\/wp-json\/wp\/v2\/product"}],"about":[{"href":"https:\/\/www.laperlavalles.cat\/es\/wp-json\/wp\/v2\/types\/product"}],"replies":[{"embeddable":true,"href":"https:\/\/www.laperlavalles.cat\/es\/wp-json\/wp\/v2\/comments?post=198818"}],"wp:featuredmedia":[{"embeddable":true,"href":"https:\/\/www.laperlavalles.cat\/es\/wp-json\/wp\/v2\/media\/198807"}],"wp:attachment":[{"href":"https:\/\/www.laperlavalles.cat\/es\/wp-json\/wp\/v2\/media?parent=198818"}],"wp:term":[{"taxonomy":"product_cat","embeddable":true,"href":"https:\/\/www.laperlavalles.cat\/es\/wp-json\/wp\/v2\/product_cat?post=198818"},{"taxonomy":"product_tag","embeddable":true,"href":"https:\/\/www.laperlavalles.cat\/es\/wp-json\/wp\/v2\/product_tag?post=198818"}],"curies":[{"name":"wp","href":"https:\/\/api.w.org\/{rel}","templated":true}]}}

<p>Caldo de carne en polvo para uso profesional, sin gluten ni alérgenos, perfecto para potenciar sopas, arroces, guisos y salsas con un sabor intenso y natural a carne. Se disuelve fácilmente y es apto para dietas especiales (sin lactosa ni conservantes). Formato hostelería de 1 kg, con un rendimiento aproximado de 50 litros. Certificado halal</p>

<p>Caldo de carne en polvo para uso profesional, sin gluten ni alérgenos, perfecto para potenciar sopas, arroces, guisos y salsas con un sabor intenso y natural<span class="excerpt-hellip"> […]</span></p>
