{"id":199088,"date":"2025-06-11T09:08:36","date_gmt":"2025-06-11T07:08:36","guid":{"rendered":"https:\/\/www.laperlavalles.cat\/product\/caldo-promolac-vegetal-1kg-6\/"},"modified":"2025-06-11T09:08:36","modified_gmt":"2025-06-11T07:08:36","slug":"caldo-promolac-vegetal-1kg-6","status":"publish","type":"product","link":"https:\/\/www.laperlavalles.cat\/es\/product\/caldo-promolac-vegetal-1kg-6\/","title":{"rendered":"CALDO PROMOLAC VEGETAL 1KG"},"content":{"rendered":"<p>Caldo vegetal en polvo para uso profesional, sin gluten ni al\u00e9rgenos, perfecto para potenciar sopas, arroces, guisos y salsas con todo el sabor de las verduras. Se disuelve f\u00e1cilmente y es apto para dietas especiales, sin lactosa ni conservantes. Formato hosteler\u00eda de 1 kg, con un rendimiento aproximado de 50 litros. Certificado halal seg\u00fan la gama Promolac<\/p>\n","protected":false},"excerpt":{"rendered":"<p>Caldo vegetal en polvo para uso profesional, sin gluten ni al\u00e9rgenos, perfecto para potenciar sopas, arroces, guisos y salsas con todo el sabor de las verduras.<span class=\"excerpt-hellip\"> [\u2026]<\/span><\/p>\n","protected":false},"featured_media":199084,"comment_status":"open","ping_status":"closed","template":"","meta":[],"product_cat":[36],"product_tag":[],"_links":{"self":[{"href":"https:\/\/www.laperlavalles.cat\/es\/wp-json\/wp\/v2\/product\/199088"}],"collection":[{"href":"https:\/\/www.laperlavalles.cat\/es\/wp-json\/wp\/v2\/product"}],"about":[{"href":"https:\/\/www.laperlavalles.cat\/es\/wp-json\/wp\/v2\/types\/product"}],"replies":[{"embeddable":true,"href":"https:\/\/www.laperlavalles.cat\/es\/wp-json\/wp\/v2\/comments?post=199088"}],"wp:featuredmedia":[{"embeddable":true,"href":"https:\/\/www.laperlavalles.cat\/es\/wp-json\/wp\/v2\/media\/199084"}],"wp:attachment":[{"href":"https:\/\/www.laperlavalles.cat\/es\/wp-json\/wp\/v2\/media?parent=199088"}],"wp:term":[{"taxonomy":"product_cat","embeddable":true,"href":"https:\/\/www.laperlavalles.cat\/es\/wp-json\/wp\/v2\/product_cat?post=199088"},{"taxonomy":"product_tag","embeddable":true,"href":"https:\/\/www.laperlavalles.cat\/es\/wp-json\/wp\/v2\/product_tag?post=199088"}],"curies":[{"name":"wp","href":"https:\/\/api.w.org\/{rel}","templated":true}]}}

<p>Caldo vegetal en polvo para uso profesional, sin gluten ni alérgenos, perfecto para potenciar sopas, arroces, guisos y salsas con todo el sabor de las verduras. Se disuelve fácilmente y es apto para dietas especiales, sin lactosa ni conservantes. Formato hostelería de 1 kg, con un rendimiento aproximado de 50 litros. Certificado halal según la gama Promolac</p>

<p>Caldo vegetal en polvo para uso profesional, sin gluten ni alérgenos, perfecto para potenciar sopas, arroces, guisos y salsas con todo el sabor de las verduras.<span class="excerpt-hellip"> […]</span></p>
