{"id":200333,"date":"2025-06-11T10:52:23","date_gmt":"2025-06-11T08:52:36","guid":{"rendered":"https:\/\/www.laperlavalles.cat\/product\/cabra-fumada-trossos-congelada-1kg\/"},"modified":"2025-12-04T14:23:25","modified_gmt":"2025-12-04T13:23:25","slug":"cabra-fumada-trossos-congelada-1kg","status":"publish","type":"product","link":"https:\/\/www.laperlavalles.cat\/es\/product\/cabra-fumada-trossos-congelada-1kg\/","title":{"rendered":"CABRA &#8211; FUMADA TROSSOS CONGELADA 1KG"},"content":{"rendered":"<p>Cabra ahumada en trozos, congelada y lista para cocinar. Esta carne, t\u00edpica de la gastronom\u00eda africana y caribe\u00f1a, destaca por su sabor intenso y aroma ahumado, y se utiliza en guisos, sopas y platos tradicionales. Rica en prote\u00ednas y baja en grasa, aporta un toque aut\u00e9ntico y diferente a cualquier receta.<\/p>\n","protected":false},"excerpt":{"rendered":"<p>Cabra ahumada en trozos, congelada y lista para cocinar. Esta carne, t\u00edpica de la gastronom\u00eda africana y caribe\u00f1a, destaca por su sabor intenso y aroma ahumado,<span class=\"excerpt-hellip\"> [\u2026]<\/span><\/p>\n","protected":false},"featured_media":200322,"comment_status":"open","ping_status":"closed","template":"","meta":[],"product_cat":[10618],"product_tag":[],"_links":{"self":[{"href":"https:\/\/www.laperlavalles.cat\/es\/wp-json\/wp\/v2\/product\/200333"}],"collection":[{"href":"https:\/\/www.laperlavalles.cat\/es\/wp-json\/wp\/v2\/product"}],"about":[{"href":"https:\/\/www.laperlavalles.cat\/es\/wp-json\/wp\/v2\/types\/product"}],"replies":[{"embeddable":true,"href":"https:\/\/www.laperlavalles.cat\/es\/wp-json\/wp\/v2\/comments?post=200333"}],"wp:featuredmedia":[{"embeddable":true,"href":"https:\/\/www.laperlavalles.cat\/es\/wp-json\/wp\/v2\/media\/200322"}],"wp:attachment":[{"href":"https:\/\/www.laperlavalles.cat\/es\/wp-json\/wp\/v2\/media?parent=200333"}],"wp:term":[{"taxonomy":"product_cat","embeddable":true,"href":"https:\/\/www.laperlavalles.cat\/es\/wp-json\/wp\/v2\/product_cat?post=200333"},{"taxonomy":"product_tag","embeddable":true,"href":"https:\/\/www.laperlavalles.cat\/es\/wp-json\/wp\/v2\/product_tag?post=200333"}],"curies":[{"name":"wp","href":"https:\/\/api.w.org\/{rel}","templated":true}]}}

<p>Cabra ahumada en trozos, congelada y lista para cocinar. Esta carne, típica de la gastronomía africana y caribeña, destaca por su sabor intenso y aroma ahumado, y se utiliza en guisos, sopas y platos tradicionales. Rica en proteínas y baja en grasa, aporta un toque auténtico y diferente a cualquier receta.</p>

<p>Cabra ahumada en trozos, congelada y lista para cocinar. Esta carne, típica de la gastronomía africana y caribeña, destaca por su sabor intenso y aroma ahumado,<span class="excerpt-hellip"> […]</span></p>
