{"id":200467,"date":"2025-06-11T11:00:51","date_gmt":"2025-06-11T09:01:06","guid":{"rendered":"https:\/\/www.laperlavalles.cat\/product\/trigo-semola-media-ebrotrigo-25kg\/"},"modified":"2025-06-11T15:07:33","modified_gmt":"2025-06-11T13:07:33","slug":"trigo-semola-media-ebrotrigo-25kg","status":"publish","type":"product","link":"https:\/\/www.laperlavalles.cat\/es\/product\/trigo-semola-media-ebrotrigo-25kg\/","title":{"rendered":"TRIGO &#8211; S\u00c9MOLA MEDIA EBROTRIGO 25KG"},"content":{"rendered":"<p>S\u00e9mola de trigo de grano medio, obtenida de trigo duro y de color amarillo uniforme. Perfecta para cusc\u00fas, migas, sopas, rebozados y postres tradicionales. Aporta textura, sabor y energ\u00eda a los platos, y es rica en carbohidratos y minerales. Apta para cocina profesional o dom\u00e9stica. Contiene gluten.<\/p>\n","protected":false},"excerpt":{"rendered":"<p>S\u00e9mola de trigo de grano medio, obtenida de trigo duro y de color amarillo uniforme. Perfecta para cusc\u00fas, migas, sopas, rebozados y postres tradicionales. Aporta textura,<span class=\"excerpt-hellip\"> [\u2026]<\/span><\/p>\n","protected":false},"featured_media":200442,"comment_status":"open","ping_status":"closed","template":"","meta":[],"product_cat":[8398,8470],"product_tag":[],"_links":{"self":[{"href":"https:\/\/www.laperlavalles.cat\/es\/wp-json\/wp\/v2\/product\/200467"}],"collection":[{"href":"https:\/\/www.laperlavalles.cat\/es\/wp-json\/wp\/v2\/product"}],"about":[{"href":"https:\/\/www.laperlavalles.cat\/es\/wp-json\/wp\/v2\/types\/product"}],"replies":[{"embeddable":true,"href":"https:\/\/www.laperlavalles.cat\/es\/wp-json\/wp\/v2\/comments?post=200467"}],"wp:featuredmedia":[{"embeddable":true,"href":"https:\/\/www.laperlavalles.cat\/es\/wp-json\/wp\/v2\/media\/200442"}],"wp:attachment":[{"href":"https:\/\/www.laperlavalles.cat\/es\/wp-json\/wp\/v2\/media?parent=200467"}],"wp:term":[{"taxonomy":"product_cat","embeddable":true,"href":"https:\/\/www.laperlavalles.cat\/es\/wp-json\/wp\/v2\/product_cat?post=200467"},{"taxonomy":"product_tag","embeddable":true,"href":"https:\/\/www.laperlavalles.cat\/es\/wp-json\/wp\/v2\/product_tag?post=200467"}],"curies":[{"name":"wp","href":"https:\/\/api.w.org\/{rel}","templated":true}]}}

TRIGO &#8211; SÉMOLA MEDIA EBROTRIGO 25KG

<p>Sémola de trigo de grano medio, obtenida de trigo duro y de color amarillo uniforme. Perfecta para cuscús, migas, sopas, rebozados y postres tradicionales. Aporta textura, sabor y energía a los platos, y es rica en carbohidratos y minerales. Apta para cocina profesional o doméstica. Contiene gluten.</p>

<p>Sémola de trigo de grano medio, obtenida de trigo duro y de color amarillo uniforme. Perfecta para cuscús, migas, sopas, rebozados y postres tradicionales. Aporta textura,<span class="excerpt-hellip"> […]</span></p>
