{"id":62565,"date":"2021-07-12T19:47:28","date_gmt":"2021-07-12T17:47:38","guid":{"rendered":"https:\/\/www.laperlavalles2.bcntic.com\/product\/tahina-halah-crema-de-sesamo-5kg\/"},"modified":"2023-06-23T11:52:14","modified_gmt":"2023-06-23T09:52:14","slug":"tahina-halah-crema-de-sesamo-5kg","status":"publish","type":"product","link":"https:\/\/www.laperlavalles.cat\/es\/product\/tahina-halah-crema-de-sesamo-5kg\/","title":{"rendered":"TAHINA HALAH &#8211; CREMA DE SESAMO 5KG"},"content":{"rendered":"<p>La Tahina Halah es una crema de s\u00e9samo 100% natural elaborada \u00fanicamente con semillas de s\u00e9samo tostadas. Es un producto esencial en cualquier supermercado, hipermercado, tienda especializada, o cualquier distribuidor de alimentaci\u00f3n para canal horeca y caterings para colectividades. <\/p>\n","protected":false},"excerpt":{"rendered":"<p>La Tahina Halah es una crema de s\u00e9samo 100% natural elaborada \u00fanicamente con semillas de s\u00e9samo tostadas. Es un producto esencial en cualquier supermercado, hipermercado, tienda<span class=\"excerpt-hellip\"> [\u2026]<\/span><\/p>\n","protected":false},"featured_media":167464,"comment_status":"open","ping_status":"closed","template":"","meta":[],"product_cat":[8390],"product_tag":[],"_links":{"self":[{"href":"https:\/\/www.laperlavalles.cat\/es\/wp-json\/wp\/v2\/product\/62565"}],"collection":[{"href":"https:\/\/www.laperlavalles.cat\/es\/wp-json\/wp\/v2\/product"}],"about":[{"href":"https:\/\/www.laperlavalles.cat\/es\/wp-json\/wp\/v2\/types\/product"}],"replies":[{"embeddable":true,"href":"https:\/\/www.laperlavalles.cat\/es\/wp-json\/wp\/v2\/comments?post=62565"}],"wp:featuredmedia":[{"embeddable":true,"href":"https:\/\/www.laperlavalles.cat\/es\/wp-json\/wp\/v2\/media\/167464"}],"wp:attachment":[{"href":"https:\/\/www.laperlavalles.cat\/es\/wp-json\/wp\/v2\/media?parent=62565"}],"wp:term":[{"taxonomy":"product_cat","embeddable":true,"href":"https:\/\/www.laperlavalles.cat\/es\/wp-json\/wp\/v2\/product_cat?post=62565"},{"taxonomy":"product_tag","embeddable":true,"href":"https:\/\/www.laperlavalles.cat\/es\/wp-json\/wp\/v2\/product_tag?post=62565"}],"curies":[{"name":"wp","href":"https:\/\/api.w.org\/{rel}","templated":true}]}}

<p>La Tahina Halah es una crema de sésamo 100% natural elaborada únicamente con semillas de sésamo tostadas. Es un producto esencial en cualquier supermercado, hipermercado, tienda especializada, o cualquier distribuidor de alimentación para canal horeca y caterings para colectividades. </p>

<p>La Tahina Halah es una crema de sésamo 100% natural elaborada únicamente con semillas de sésamo tostadas. Es un producto esencial en cualquier supermercado, hipermercado, tienda<span class="excerpt-hellip"> […]</span></p>
