{"id":62905,"date":"2021-07-12T19:53:25","date_gmt":"2021-07-12T17:53:34","guid":{"rendered":"https:\/\/www.laperlavalles2.bcntic.com\/product\/almibar-papaia-aroy-d\/"},"modified":"2024-07-01T17:19:52","modified_gmt":"2024-07-01T15:19:52","slug":"almibar-papaia-aroy-d","status":"publish","type":"product","link":"https:\/\/www.laperlavalles.cat\/es\/product\/almibar-papaia-aroy-d\/","title":{"rendered":"ALM\u00cdBAR PAPAIA AROY-D"},"content":{"rendered":"<p>La papaya en alm\u00edbar Aroy-D es una conserva de fruta tropical ideal para consumir todo el a\u00f1o. Somos proveedores de fruta tropical fresca, y fruta tropical en conserva. Contacta con La Perla para vender fruta tropical.<\/p>\n","protected":false},"excerpt":{"rendered":"<p>La papaya en alm\u00edbar Aroy-D es una conserva de fruta tropical ideal para consumir todo el a\u00f1o. Somos proveedores de fruta tropical fresca, y fruta tropical<span class=\"excerpt-hellip\"> [\u2026]<\/span><\/p>\n","protected":false},"featured_media":158445,"comment_status":"open","ping_status":"closed","template":"","meta":[],"product_cat":[10618],"product_tag":[],"_links":{"self":[{"href":"https:\/\/www.laperlavalles.cat\/es\/wp-json\/wp\/v2\/product\/62905"}],"collection":[{"href":"https:\/\/www.laperlavalles.cat\/es\/wp-json\/wp\/v2\/product"}],"about":[{"href":"https:\/\/www.laperlavalles.cat\/es\/wp-json\/wp\/v2\/types\/product"}],"replies":[{"embeddable":true,"href":"https:\/\/www.laperlavalles.cat\/es\/wp-json\/wp\/v2\/comments?post=62905"}],"wp:featuredmedia":[{"embeddable":true,"href":"https:\/\/www.laperlavalles.cat\/es\/wp-json\/wp\/v2\/media\/158445"}],"wp:attachment":[{"href":"https:\/\/www.laperlavalles.cat\/es\/wp-json\/wp\/v2\/media?parent=62905"}],"wp:term":[{"taxonomy":"product_cat","embeddable":true,"href":"https:\/\/www.laperlavalles.cat\/es\/wp-json\/wp\/v2\/product_cat?post=62905"},{"taxonomy":"product_tag","embeddable":true,"href":"https:\/\/www.laperlavalles.cat\/es\/wp-json\/wp\/v2\/product_tag?post=62905"}],"curies":[{"name":"wp","href":"https:\/\/api.w.org\/{rel}","templated":true}]}}

ALMÍBAR PAPAIA AROY-D

<p>La papaya en almíbar Aroy-D es una conserva de fruta tropical ideal para consumir todo el año. Somos proveedores de fruta tropical fresca, y fruta tropical en conserva. Contacta con La Perla para vender fruta tropical.</p>

<p>La papaya en almíbar Aroy-D es una conserva de fruta tropical ideal para consumir todo el año. Somos proveedores de fruta tropical fresca, y fruta tropical<span class="excerpt-hellip"> […]</span></p>
