{"id":63885,"date":"2021-07-12T20:10:17","date_gmt":"2021-07-12T18:10:25","guid":{"rendered":"https:\/\/www.laperlavalles2.bcntic.com\/product\/nestle-cerelac-trigo-400gr\/"},"modified":"2023-06-26T15:02:00","modified_gmt":"2023-06-26T13:02:00","slug":"nestle-cerelac-trigo-400gr","status":"publish","type":"product","link":"https:\/\/www.laperlavalles.cat\/es\/product\/nestle-cerelac-trigo-400gr\/","title":{"rendered":"NESTL\u00c9 CERELAC TRIGO 400GR"},"content":{"rendered":"<p>Nestl\u00e9 Cerelac trigo con leche son las famosas gachas de trigo con leche de Nestl\u00e9. A partir de 6 meses.<\/p>\n","protected":false},"excerpt":{"rendered":"<p>Nestl\u00e9 Cerelac trigo con leche son las famosas gachas de trigo con leche de Nestl\u00e9. A partir de 6 meses.<\/p>\n","protected":false},"featured_media":139303,"comment_status":"open","ping_status":"closed","template":"","meta":[],"product_cat":[8386,8471],"product_tag":[],"_links":{"self":[{"href":"https:\/\/www.laperlavalles.cat\/es\/wp-json\/wp\/v2\/product\/63885"}],"collection":[{"href":"https:\/\/www.laperlavalles.cat\/es\/wp-json\/wp\/v2\/product"}],"about":[{"href":"https:\/\/www.laperlavalles.cat\/es\/wp-json\/wp\/v2\/types\/product"}],"replies":[{"embeddable":true,"href":"https:\/\/www.laperlavalles.cat\/es\/wp-json\/wp\/v2\/comments?post=63885"}],"wp:featuredmedia":[{"embeddable":true,"href":"https:\/\/www.laperlavalles.cat\/es\/wp-json\/wp\/v2\/media\/139303"}],"wp:attachment":[{"href":"https:\/\/www.laperlavalles.cat\/es\/wp-json\/wp\/v2\/media?parent=63885"}],"wp:term":[{"taxonomy":"product_cat","embeddable":true,"href":"https:\/\/www.laperlavalles.cat\/es\/wp-json\/wp\/v2\/product_cat?post=63885"},{"taxonomy":"product_tag","embeddable":true,"href":"https:\/\/www.laperlavalles.cat\/es\/wp-json\/wp\/v2\/product_tag?post=63885"}],"curies":[{"name":"wp","href":"https:\/\/api.w.org\/{rel}","templated":true}]}}

NESTLÉ CERELAC TRIGO 400GR

<p>Nestlé Cerelac trigo con leche son las famosas gachas de trigo con leche de Nestlé. A partir de 6 meses.</p>
