{"id":64345,"date":"2021-07-12T20:18:06","date_gmt":"2021-07-12T18:18:16","guid":{"rendered":"https:\/\/www.laperlavalles2.bcntic.com\/product\/crema-de-sesamo-con-cacao-the-elements\/"},"modified":"2023-06-23T11:08:50","modified_gmt":"2023-06-23T09:08:50","slug":"crema-de-sesamo-con-cacao-the-elements","status":"publish","type":"product","link":"https:\/\/www.laperlavalles.cat\/es\/product\/crema-de-sesamo-con-cacao-the-elements\/","title":{"rendered":"CREMA DE SESAMO CON CACAO THE ELEMENTS"},"content":{"rendered":"<p>La crema untable de s\u00e9samo y cacao The Elements es una crema ideal para untar en pan o tostadas. No contiene az\u00facares a\u00f1adidos. Es un producto natural ideal para distribuir en diet\u00e9ticas y tiendas de nutrici\u00f3n especializada, as\u00ed como en supermercados, hipermercados o fruter\u00edas.<\/p>\n","protected":false},"excerpt":{"rendered":"<p>La crema untable de s\u00e9samo y cacao The Elements es una crema ideal para untar en pan o tostadas. No contiene az\u00facares a\u00f1adidos. Es un producto<span class=\"excerpt-hellip\"> [\u2026]<\/span><\/p>\n","protected":false},"featured_media":165496,"comment_status":"open","ping_status":"closed","template":"","meta":[],"product_cat":[8386,8471],"product_tag":[],"_links":{"self":[{"href":"https:\/\/www.laperlavalles.cat\/es\/wp-json\/wp\/v2\/product\/64345"}],"collection":[{"href":"https:\/\/www.laperlavalles.cat\/es\/wp-json\/wp\/v2\/product"}],"about":[{"href":"https:\/\/www.laperlavalles.cat\/es\/wp-json\/wp\/v2\/types\/product"}],"replies":[{"embeddable":true,"href":"https:\/\/www.laperlavalles.cat\/es\/wp-json\/wp\/v2\/comments?post=64345"}],"wp:featuredmedia":[{"embeddable":true,"href":"https:\/\/www.laperlavalles.cat\/es\/wp-json\/wp\/v2\/media\/165496"}],"wp:attachment":[{"href":"https:\/\/www.laperlavalles.cat\/es\/wp-json\/wp\/v2\/media?parent=64345"}],"wp:term":[{"taxonomy":"product_cat","embeddable":true,"href":"https:\/\/www.laperlavalles.cat\/es\/wp-json\/wp\/v2\/product_cat?post=64345"},{"taxonomy":"product_tag","embeddable":true,"href":"https:\/\/www.laperlavalles.cat\/es\/wp-json\/wp\/v2\/product_tag?post=64345"}],"curies":[{"name":"wp","href":"https:\/\/api.w.org\/{rel}","templated":true}]}}

<p>La crema untable de sésamo y cacao The Elements es una crema ideal para untar en pan o tostadas. No contiene azúcares añadidos. Es un producto natural ideal para distribuir en dietéticas y tiendas de nutrición especializada, así como en supermercados, hipermercados o fruterías.</p>

<p>La crema untable de sésamo y cacao The Elements es una crema ideal para untar en pan o tostadas. No contiene azúcares añadidos. Es un producto<span class="excerpt-hellip"> […]</span></p>
