{"id":66125,"date":"2021-07-12T20:48:41","date_gmt":"2021-07-12T18:48:49","guid":{"rendered":"https:\/\/www.laperlavalles2.bcntic.com\/product\/thiere-kumba-500gr-2\/"},"modified":"2023-06-23T08:50:58","modified_gmt":"2023-06-23T06:50:58","slug":"thiere-kumba-500gr-2","status":"publish","type":"product","link":"https:\/\/www.laperlavalles.cat\/es\/product\/thiere-kumba-500gr-2\/","title":{"rendered":"THIERE KUMBA 500GR"},"content":{"rendered":"<p>La Perla importa productos t\u00edpicos y locales de \u00c1frica como cereales de mijo. El thiere Degue Kumba es cusc\u00fas de mijo t\u00edpico de la cocina africana.<\/p>\n","protected":false},"excerpt":{"rendered":"<p>La Perla importa productos t\u00edpicos y locales de \u00c1frica como cereales de mijo. El thiere Degue Kumba es cusc\u00fas de mijo t\u00edpico de la cocina africana.<\/p>\n","protected":false},"featured_media":159256,"comment_status":"open","ping_status":"closed","template":"","meta":[],"product_cat":[8398,8476],"product_tag":[],"_links":{"self":[{"href":"https:\/\/www.laperlavalles.cat\/es\/wp-json\/wp\/v2\/product\/66125"}],"collection":[{"href":"https:\/\/www.laperlavalles.cat\/es\/wp-json\/wp\/v2\/product"}],"about":[{"href":"https:\/\/www.laperlavalles.cat\/es\/wp-json\/wp\/v2\/types\/product"}],"replies":[{"embeddable":true,"href":"https:\/\/www.laperlavalles.cat\/es\/wp-json\/wp\/v2\/comments?post=66125"}],"wp:featuredmedia":[{"embeddable":true,"href":"https:\/\/www.laperlavalles.cat\/es\/wp-json\/wp\/v2\/media\/159256"}],"wp:attachment":[{"href":"https:\/\/www.laperlavalles.cat\/es\/wp-json\/wp\/v2\/media?parent=66125"}],"wp:term":[{"taxonomy":"product_cat","embeddable":true,"href":"https:\/\/www.laperlavalles.cat\/es\/wp-json\/wp\/v2\/product_cat?post=66125"},{"taxonomy":"product_tag","embeddable":true,"href":"https:\/\/www.laperlavalles.cat\/es\/wp-json\/wp\/v2\/product_tag?post=66125"}],"curies":[{"name":"wp","href":"https:\/\/api.w.org\/{rel}","templated":true}]}}

<p>La Perla importa productos típicos y locales de África como cereales de mijo. El thiere Degue Kumba es cuscús de mijo típico de la cocina africana.</p>
