{"id":71225,"date":"2021-07-12T22:17:36","date_gmt":"2021-07-12T20:17:45","guid":{"rendered":"https:\/\/www.laperlavalles2.bcntic.com\/product\/tinte-bigen-48\/"},"modified":"2024-07-10T10:16:56","modified_gmt":"2024-07-10T08:16:56","slug":"tinte-bigen-48","status":"publish","type":"product","link":"https:\/\/www.laperlavalles.cat\/es\/product\/tinte-bigen-48\/","title":{"rendered":"BIGEN TINTE PERMANENTE EN POLVO CASTA\u00d1O OSCURO &#8211; N\u00ba48"},"content":{"rendered":"<p>El tinte permanente Bigen es ideal para quienes buscan una cobertura excelente y duradera de las canas o para realzar su color natural. Una f\u00f3rmula probada durante m\u00e1s de 30 a\u00f1os que garantiza resultados efectivos, la f\u00f3rmula \u00fanica en polvo se activa con el agua y deposita un color rico y de aspecto natural incluso en las canas m\u00e1s rebeldes. Sin necesidad de amon\u00edaco, este tinte de dep\u00f3sito es la opci\u00f3n m\u00e1s suave para obtener un color intenso y un brillo \u00f3ptimo, independientemente del color natural del cabello, su consistencia, estado, longitud o estilo.<\/p>\n","protected":false},"excerpt":{"rendered":"<p>El tinte permanente Bigen es ideal para quienes buscan una cobertura excelente y duradera de las canas o para realzar su color natural. Una f\u00f3rmula probada<span class=\"excerpt-hellip\"> [\u2026]<\/span><\/p>\n","protected":false},"featured_media":165277,"comment_status":"open","ping_status":"closed","template":"","meta":[],"product_cat":[8403,24330],"product_tag":[],"_links":{"self":[{"href":"https:\/\/www.laperlavalles.cat\/es\/wp-json\/wp\/v2\/product\/71225"}],"collection":[{"href":"https:\/\/www.laperlavalles.cat\/es\/wp-json\/wp\/v2\/product"}],"about":[{"href":"https:\/\/www.laperlavalles.cat\/es\/wp-json\/wp\/v2\/types\/product"}],"replies":[{"embeddable":true,"href":"https:\/\/www.laperlavalles.cat\/es\/wp-json\/wp\/v2\/comments?post=71225"}],"wp:featuredmedia":[{"embeddable":true,"href":"https:\/\/www.laperlavalles.cat\/es\/wp-json\/wp\/v2\/media\/165277"}],"wp:attachment":[{"href":"https:\/\/www.laperlavalles.cat\/es\/wp-json\/wp\/v2\/media?parent=71225"}],"wp:term":[{"taxonomy":"product_cat","embeddable":true,"href":"https:\/\/www.laperlavalles.cat\/es\/wp-json\/wp\/v2\/product_cat?post=71225"},{"taxonomy":"product_tag","embeddable":true,"href":"https:\/\/www.laperlavalles.cat\/es\/wp-json\/wp\/v2\/product_tag?post=71225"}],"curies":[{"name":"wp","href":"https:\/\/api.w.org\/{rel}","templated":true}]}}

BIGEN TINTE PERMANENTE EN POLVO CASTAÑO OSCURO &#8211; Nº48

<p>El tinte permanente Bigen es ideal para quienes buscan una cobertura excelente y duradera de las canas o para realzar su color natural. Una fórmula probada durante más de 30 años que garantiza resultados efectivos, la fórmula única en polvo se activa con el agua y deposita un color rico y de aspecto natural incluso en las canas más rebeldes. Sin necesidad de amoníaco, este tinte de depósito es la opción más suave para obtener un color intenso y un brillo óptimo, independientemente del color natural del cabello, su consistencia, estado, longitud o estilo.</p>

<p>El tinte permanente Bigen es ideal para quienes buscan una cobertura excelente y duradera de las canas o para realzar su color natural. Una fórmula probada<span class="excerpt-hellip"> […]</span></p>
