{"id":71265,"date":"2021-07-12T22:18:21","date_gmt":"2021-07-12T20:18:30","guid":{"rendered":"https:\/\/www.laperlavalles2.bcntic.com\/product\/tinte-bigen-57\/"},"modified":"2025-07-03T09:55:21","modified_gmt":"2025-07-03T07:55:21","slug":"tinte-bigen-57","status":"publish","type":"product","link":"https:\/\/www.laperlavalles.cat\/es\/product\/tinte-bigen-57\/","title":{"rendered":"BIGEN TINTE PERMANENTE EN POLVO CASTA\u00d1O OSCURO- N\u00ba57"},"content":{"rendered":"<p>tinte permanente en polvo para la coloraci\u00f3n del cabello, elaborado a base de extractos naturales de frutas y algas, y libre de amon\u00edaco, que permite cubrir de manera eficaz y duradera la totalidad de las canas. Su f\u00f3rmula suave permite dejar el cabello m\u00e1s suave y brillante, sin da\u00f1ar el cuero cabelludo.<\/p>\n","protected":false},"excerpt":{"rendered":"<p>tinte permanente en polvo para la coloraci\u00f3n del cabello, elaborado a base de extractos naturales de frutas y algas, y libre de amon\u00edaco, que permite cubrir<span class=\"excerpt-hellip\"> [\u2026]<\/span><\/p>\n","protected":false},"featured_media":165309,"comment_status":"open","ping_status":"closed","template":"","meta":[],"product_cat":[8403,24330],"product_tag":[],"_links":{"self":[{"href":"https:\/\/www.laperlavalles.cat\/es\/wp-json\/wp\/v2\/product\/71265"}],"collection":[{"href":"https:\/\/www.laperlavalles.cat\/es\/wp-json\/wp\/v2\/product"}],"about":[{"href":"https:\/\/www.laperlavalles.cat\/es\/wp-json\/wp\/v2\/types\/product"}],"replies":[{"embeddable":true,"href":"https:\/\/www.laperlavalles.cat\/es\/wp-json\/wp\/v2\/comments?post=71265"}],"wp:featuredmedia":[{"embeddable":true,"href":"https:\/\/www.laperlavalles.cat\/es\/wp-json\/wp\/v2\/media\/165309"}],"wp:attachment":[{"href":"https:\/\/www.laperlavalles.cat\/es\/wp-json\/wp\/v2\/media?parent=71265"}],"wp:term":[{"taxonomy":"product_cat","embeddable":true,"href":"https:\/\/www.laperlavalles.cat\/es\/wp-json\/wp\/v2\/product_cat?post=71265"},{"taxonomy":"product_tag","embeddable":true,"href":"https:\/\/www.laperlavalles.cat\/es\/wp-json\/wp\/v2\/product_tag?post=71265"}],"curies":[{"name":"wp","href":"https:\/\/api.w.org\/{rel}","templated":true}]}}

BIGEN TINTE PERMANENTE EN POLVO CASTAÑO OSCURO- Nº57

<p>tinte permanente en polvo para la coloración del cabello, elaborado a base de extractos naturales de frutas y algas, y libre de amoníaco, que permite cubrir de manera eficaz y duradera la totalidad de las canas. Su fórmula suave permite dejar el cabello más suave y brillante, sin dañar el cuero cabelludo.</p>

<p>tinte permanente en polvo para la coloración del cabello, elaborado a base de extractos naturales de frutas y algas, y libre de amoníaco, que permite cubrir<span class="excerpt-hellip"> […]</span></p>
