{"id":71325,"date":"2021-07-12T22:19:29","date_gmt":"2021-07-12T20:19:39","guid":{"rendered":"https:\/\/www.laperlavalles2.bcntic.com\/product\/tinte-bigen-96\/"},"modified":"2024-07-10T10:23:31","modified_gmt":"2024-07-10T08:23:31","slug":"tinte-bigen-96","status":"publish","type":"product","link":"https:\/\/www.laperlavalles.cat\/es\/product\/tinte-bigen-96\/","title":{"rendered":"BIGEN TINTE PERMANENTE EN POLVO BURDEOS OSCURO- N\u00ba96"},"content":{"rendered":"<p>Bigen Permanent Powder es un tinte de dep\u00f3sito que no requiere una acci\u00f3n de aclarado para oscurecer el cabello. Mientras que algunos tintes permanentes ordinarios utilizan innecesariamente ambas acciones, el sencillo sistema de coloraci\u00f3n de Bigen supone un menor da\u00f1o para su cabello. La coloraci\u00f3n permanente en polvo Bigen deja el cabello suave, natural y brillante.<\/p>\n","protected":false},"excerpt":{"rendered":"<p>Bigen Permanent Powder es un tinte de dep\u00f3sito que no requiere una acci\u00f3n de aclarado para oscurecer el cabello. Mientras que algunos tintes permanentes ordinarios utilizan<span class=\"excerpt-hellip\"> [\u2026]<\/span><\/p>\n","protected":false},"featured_media":165357,"comment_status":"open","ping_status":"closed","template":"","meta":[],"product_cat":[8403,24330],"product_tag":[],"_links":{"self":[{"href":"https:\/\/www.laperlavalles.cat\/es\/wp-json\/wp\/v2\/product\/71325"}],"collection":[{"href":"https:\/\/www.laperlavalles.cat\/es\/wp-json\/wp\/v2\/product"}],"about":[{"href":"https:\/\/www.laperlavalles.cat\/es\/wp-json\/wp\/v2\/types\/product"}],"replies":[{"embeddable":true,"href":"https:\/\/www.laperlavalles.cat\/es\/wp-json\/wp\/v2\/comments?post=71325"}],"wp:featuredmedia":[{"embeddable":true,"href":"https:\/\/www.laperlavalles.cat\/es\/wp-json\/wp\/v2\/media\/165357"}],"wp:attachment":[{"href":"https:\/\/www.laperlavalles.cat\/es\/wp-json\/wp\/v2\/media?parent=71325"}],"wp:term":[{"taxonomy":"product_cat","embeddable":true,"href":"https:\/\/www.laperlavalles.cat\/es\/wp-json\/wp\/v2\/product_cat?post=71325"},{"taxonomy":"product_tag","embeddable":true,"href":"https:\/\/www.laperlavalles.cat\/es\/wp-json\/wp\/v2\/product_tag?post=71325"}],"curies":[{"name":"wp","href":"https:\/\/api.w.org\/{rel}","templated":true}]}}

BIGEN TINTE PERMANENTE EN POLVO BURDEOS OSCURO- Nº96

<p>Bigen Permanent Powder es un tinte de depósito que no requiere una acción de aclarado para oscurecer el cabello. Mientras que algunos tintes permanentes ordinarios utilizan innecesariamente ambas acciones, el sencillo sistema de coloración de Bigen supone un menor daño para su cabello. La coloración permanente en polvo Bigen deja el cabello suave, natural y brillante.</p>

<p>Bigen Permanent Powder es un tinte de depósito que no requiere una acción de aclarado para oscurecer el cabello. Mientras que algunos tintes permanentes ordinarios utilizan<span class="excerpt-hellip"> […]</span></p>
