{"id":76305,"date":"2021-07-12T23:47:07","date_gmt":"2021-07-12T21:47:16","guid":{"rendered":"https:\/\/www.laperlavalles2.bcntic.com\/product\/nectar-de-mango-mocitos-15l\/"},"modified":"2023-06-26T14:58:59","modified_gmt":"2023-06-26T12:58:59","slug":"nectar-de-mango-mocitos-15l","status":"publish","type":"product","link":"https:\/\/www.laperlavalles.cat\/es\/product\/nectar-de-mango-mocitos-15l\/","title":{"rendered":"N\u00c9CTAR DE MANGO MOCITOS 1,5L"},"content":{"rendered":"<p>N\u00e9ctar mocitos. N\u00e9ctar de multifrutas sin az\u00facares a\u00f1adidos.<\/p>\n","protected":false},"excerpt":{"rendered":"<p>N\u00e9ctar mocitos. N\u00e9ctar de multifrutas sin az\u00facares a\u00f1adidos.<\/p>\n","protected":false},"featured_media":131844,"comment_status":"open","ping_status":"closed","template":"","meta":[],"product_cat":[8385,8489],"product_tag":[],"_links":{"self":[{"href":"https:\/\/www.laperlavalles.cat\/es\/wp-json\/wp\/v2\/product\/76305"}],"collection":[{"href":"https:\/\/www.laperlavalles.cat\/es\/wp-json\/wp\/v2\/product"}],"about":[{"href":"https:\/\/www.laperlavalles.cat\/es\/wp-json\/wp\/v2\/types\/product"}],"replies":[{"embeddable":true,"href":"https:\/\/www.laperlavalles.cat\/es\/wp-json\/wp\/v2\/comments?post=76305"}],"wp:featuredmedia":[{"embeddable":true,"href":"https:\/\/www.laperlavalles.cat\/es\/wp-json\/wp\/v2\/media\/131844"}],"wp:attachment":[{"href":"https:\/\/www.laperlavalles.cat\/es\/wp-json\/wp\/v2\/media?parent=76305"}],"wp:term":[{"taxonomy":"product_cat","embeddable":true,"href":"https:\/\/www.laperlavalles.cat\/es\/wp-json\/wp\/v2\/product_cat?post=76305"},{"taxonomy":"product_tag","embeddable":true,"href":"https:\/\/www.laperlavalles.cat\/es\/wp-json\/wp\/v2\/product_tag?post=76305"}],"curies":[{"name":"wp","href":"https:\/\/api.w.org\/{rel}","templated":true}]}}

NÉCTAR DE MANGO MOCITOS 1,5L

<p>Néctar mocitos. Néctar de multifrutas sin azúcares añadidos.</p>
