{"id":76365,"date":"2021-07-12T23:48:04","date_gmt":"2021-07-12T21:48:13","guid":{"rendered":"https:\/\/www.laperlavalles2.bcntic.com\/product\/nectar-de-pera-mocitos-1l\/"},"modified":"2023-06-26T15:00:04","modified_gmt":"2023-06-26T13:00:04","slug":"nectar-de-pera-mocitos-1l","status":"publish","type":"product","link":"https:\/\/www.laperlavalles.cat\/es\/product\/nectar-de-pera-mocitos-1l\/","title":{"rendered":"N\u00c9CTAR DE PERA MOCITOS 1L"},"content":{"rendered":"<p>N\u00e9ctar mocitos. N\u00e9ctar de pera sin az\u00facares a\u00f1adidos.<\/p>\n","protected":false},"excerpt":{"rendered":"<p>N\u00e9ctar mocitos. N\u00e9ctar de pera sin az\u00facares a\u00f1adidos.<\/p>\n","protected":false},"featured_media":133252,"comment_status":"open","ping_status":"closed","template":"","meta":[],"product_cat":[8385,9205],"product_tag":[],"_links":{"self":[{"href":"https:\/\/www.laperlavalles.cat\/es\/wp-json\/wp\/v2\/product\/76365"}],"collection":[{"href":"https:\/\/www.laperlavalles.cat\/es\/wp-json\/wp\/v2\/product"}],"about":[{"href":"https:\/\/www.laperlavalles.cat\/es\/wp-json\/wp\/v2\/types\/product"}],"replies":[{"embeddable":true,"href":"https:\/\/www.laperlavalles.cat\/es\/wp-json\/wp\/v2\/comments?post=76365"}],"wp:featuredmedia":[{"embeddable":true,"href":"https:\/\/www.laperlavalles.cat\/es\/wp-json\/wp\/v2\/media\/133252"}],"wp:attachment":[{"href":"https:\/\/www.laperlavalles.cat\/es\/wp-json\/wp\/v2\/media?parent=76365"}],"wp:term":[{"taxonomy":"product_cat","embeddable":true,"href":"https:\/\/www.laperlavalles.cat\/es\/wp-json\/wp\/v2\/product_cat?post=76365"},{"taxonomy":"product_tag","embeddable":true,"href":"https:\/\/www.laperlavalles.cat\/es\/wp-json\/wp\/v2\/product_tag?post=76365"}],"curies":[{"name":"wp","href":"https:\/\/api.w.org\/{rel}","templated":true}]}}

NÉCTAR DE PERA MOCITOS 1L

<p>Néctar mocitos. Néctar de pera sin azúcares añadidos.</p>
