{"id":81545,"date":"2021-07-13T01:26:37","date_gmt":"2021-07-12T23:26:46","guid":{"rendered":"https:\/\/www.laperlavalles2.bcntic.com\/product\/petit-cola-2\/"},"modified":"2023-06-26T15:10:37","modified_gmt":"2023-06-26T13:10:37","slug":"petit-cola-2","status":"publish","type":"product","link":"https:\/\/www.laperlavalles.cat\/es\/product\/petit-cola-2\/","title":{"rendered":"PETIT COLA"},"content":{"rendered":"<p>Nueces de petit cola. La Perla es importador de alimentaci\u00f3n y distribuidor de alimentaci\u00f3n global. Tenemos un amplio cat\u00e1logo de fruta y verdura fresca latina y fruta y verdura fresca africana.<\/p>\n","protected":false},"excerpt":{"rendered":"<p>Nueces de petit cola. La Perla es importador de alimentaci\u00f3n y distribuidor de alimentaci\u00f3n global. Tenemos un amplio cat\u00e1logo de fruta y verdura fresca latina y<span class=\"excerpt-hellip\"> [\u2026]<\/span><\/p>\n","protected":false},"featured_media":147028,"comment_status":"open","ping_status":"closed","template":"","meta":[],"product_cat":[8402,8499],"product_tag":[],"_links":{"self":[{"href":"https:\/\/www.laperlavalles.cat\/es\/wp-json\/wp\/v2\/product\/81545"}],"collection":[{"href":"https:\/\/www.laperlavalles.cat\/es\/wp-json\/wp\/v2\/product"}],"about":[{"href":"https:\/\/www.laperlavalles.cat\/es\/wp-json\/wp\/v2\/types\/product"}],"replies":[{"embeddable":true,"href":"https:\/\/www.laperlavalles.cat\/es\/wp-json\/wp\/v2\/comments?post=81545"}],"wp:featuredmedia":[{"embeddable":true,"href":"https:\/\/www.laperlavalles.cat\/es\/wp-json\/wp\/v2\/media\/147028"}],"wp:attachment":[{"href":"https:\/\/www.laperlavalles.cat\/es\/wp-json\/wp\/v2\/media?parent=81545"}],"wp:term":[{"taxonomy":"product_cat","embeddable":true,"href":"https:\/\/www.laperlavalles.cat\/es\/wp-json\/wp\/v2\/product_cat?post=81545"},{"taxonomy":"product_tag","embeddable":true,"href":"https:\/\/www.laperlavalles.cat\/es\/wp-json\/wp\/v2\/product_tag?post=81545"}],"curies":[{"name":"wp","href":"https:\/\/api.w.org\/{rel}","templated":true}]}}

<p>Nueces de petit cola. La Perla es importador de alimentación y distribuidor de alimentación global. Tenemos un amplio catálogo de fruta y verdura fresca latina y fruta y verdura fresca africana.</p>

<p>Nueces de petit cola. La Perla es importador de alimentación y distribuidor de alimentación global. Tenemos un amplio catálogo de fruta y verdura fresca latina y<span class="excerpt-hellip"> […]</span></p>
