{"id":115314,"date":"2022-02-18T17:03:44","date_gmt":"2022-02-18T16:04:01","guid":{"rendered":"https:\/\/www.laperlavalles.cat\/product\/sesame-dressing-kikkoman-1ml\/"},"modified":"2023-03-30T13:08:33","modified_gmt":"2023-03-30T11:08:33","slug":"sesame-dressing-kikkoman-1ml","status":"publish","type":"product","link":"https:\/\/www.laperlavalles.cat\/fr\/produit\/sesame-dressing-kikkoman-1ml\/","title":{"rendered":"SESAME DRESSING KIKKOMAN 1ML"},"content":{"rendered":"<p>Vinaigrette au s\u00e9same Kikkoman.<br \/>\nLa vinaigrette au s\u00e9same riche et cr\u00e9meuse de Kikkoman tire sa d\u00e9licieuse saveur unique du s\u00e9same moulu qu&rsquo;elle contient. Cet ar\u00f4me de graines de s\u00e9same l\u00e9g\u00e8rement grill\u00e9es s&rsquo;harmonise parfaitement avec l&rsquo;huile et le vinaigre, enrichissant n&rsquo;importe quelle sauce.<br \/>\nCette sauce Kikkoman convient aux v\u00e9g\u00e9taliens.<\/p>\n","protected":false},"excerpt":{"rendered":"<p>Vinaigrette au s\u00e9same Kikkoman. La vinaigrette au s\u00e9same riche et cr\u00e9meuse de Kikkoman tire sa d\u00e9licieuse saveur unique du s\u00e9same moulu qu&rsquo;elle contient. Cet ar\u00f4me de<span class=\"excerpt-hellip\"> [\u2026]<\/span><\/p>\n","protected":false},"featured_media":144694,"comment_status":"open","ping_status":"closed","template":"","meta":[],"product_cat":[8449,8580],"product_tag":[],"_links":{"self":[{"href":"https:\/\/www.laperlavalles.cat\/fr\/wp-json\/wp\/v2\/product\/115314"}],"collection":[{"href":"https:\/\/www.laperlavalles.cat\/fr\/wp-json\/wp\/v2\/product"}],"about":[{"href":"https:\/\/www.laperlavalles.cat\/fr\/wp-json\/wp\/v2\/types\/product"}],"replies":[{"embeddable":true,"href":"https:\/\/www.laperlavalles.cat\/fr\/wp-json\/wp\/v2\/comments?post=115314"}],"wp:featuredmedia":[{"embeddable":true,"href":"https:\/\/www.laperlavalles.cat\/fr\/wp-json\/wp\/v2\/media\/144694"}],"wp:attachment":[{"href":"https:\/\/www.laperlavalles.cat\/fr\/wp-json\/wp\/v2\/media?parent=115314"}],"wp:term":[{"taxonomy":"product_cat","embeddable":true,"href":"https:\/\/www.laperlavalles.cat\/fr\/wp-json\/wp\/v2\/product_cat?post=115314"},{"taxonomy":"product_tag","embeddable":true,"href":"https:\/\/www.laperlavalles.cat\/fr\/wp-json\/wp\/v2\/product_tag?post=115314"}],"curies":[{"name":"wp","href":"https:\/\/api.w.org\/{rel}","templated":true}]}}

<p>Vinaigrette au sésame Kikkoman.<br />
La vinaigrette au sésame riche et crémeuse de Kikkoman tire sa délicieuse saveur unique du sésame moulu qu&rsquo;elle contient. Cet arôme de graines de sésame légèrement grillées s&rsquo;harmonise parfaitement avec l&rsquo;huile et le vinaigre, enrichissant n&rsquo;importe quelle sauce.<br />
Cette sauce Kikkoman convient aux végétaliens.</p>

<p>Vinaigrette au sésame Kikkoman. La vinaigrette au sésame riche et crémeuse de Kikkoman tire sa délicieuse saveur unique du sésame moulu qu&rsquo;elle contient. Cet arôme de<span class="excerpt-hellip"> […]</span></p>
