{"id":117196,"date":"2022-02-18T19:01:46","date_gmt":"2022-02-18T18:02:03","guid":{"rendered":"https:\/\/www.laperlavalles.cat\/product\/perles-de-tapioca-s-aroy-d-454g\/"},"modified":"2025-03-12T14:19:52","modified_gmt":"2025-03-12T13:19:52","slug":"perles-de-tapioca-s-aroy-d-454g","status":"publish","type":"product","link":"https:\/\/www.laperlavalles.cat\/fr\/produit\/perles-de-tapioca-s-aroy-d-454g\/","title":{"rendered":"PERLES DE TAPIOCA S AROY-D 454G"},"content":{"rendered":"<p>Les Perles de Tapioca taille S de la marque Aroy-D sont parfaites pour pr\u00e9parer des desserts traditionnels, ajouter de la texture aux boissons comme le bubble tea ou les int\u00e9grer dans des recettes asiatiques. Leur petite taille permet une cuisson rapide et apporte une texture douce et l\u00e9g\u00e8re.<\/p>\n","protected":false},"excerpt":{"rendered":"<p>Les Perles de Tapioca taille S de la marque Aroy-D sont parfaites pour pr\u00e9parer des desserts traditionnels, ajouter de la texture aux boissons comme le bubble<span class=\"excerpt-hellip\"> [\u2026]<\/span><\/p>\n","protected":false},"featured_media":143464,"comment_status":"open","ping_status":"closed","template":"","meta":[],"product_cat":[8589,8456],"product_tag":[],"_links":{"self":[{"href":"https:\/\/www.laperlavalles.cat\/fr\/wp-json\/wp\/v2\/product\/117196"}],"collection":[{"href":"https:\/\/www.laperlavalles.cat\/fr\/wp-json\/wp\/v2\/product"}],"about":[{"href":"https:\/\/www.laperlavalles.cat\/fr\/wp-json\/wp\/v2\/types\/product"}],"replies":[{"embeddable":true,"href":"https:\/\/www.laperlavalles.cat\/fr\/wp-json\/wp\/v2\/comments?post=117196"}],"wp:featuredmedia":[{"embeddable":true,"href":"https:\/\/www.laperlavalles.cat\/fr\/wp-json\/wp\/v2\/media\/143464"}],"wp:attachment":[{"href":"https:\/\/www.laperlavalles.cat\/fr\/wp-json\/wp\/v2\/media?parent=117196"}],"wp:term":[{"taxonomy":"product_cat","embeddable":true,"href":"https:\/\/www.laperlavalles.cat\/fr\/wp-json\/wp\/v2\/product_cat?post=117196"},{"taxonomy":"product_tag","embeddable":true,"href":"https:\/\/www.laperlavalles.cat\/fr\/wp-json\/wp\/v2\/product_tag?post=117196"}],"curies":[{"name":"wp","href":"https:\/\/api.w.org\/{rel}","templated":true}]}}

<p>Les Perles de Tapioca taille S de la marque Aroy-D sont parfaites pour préparer des desserts traditionnels, ajouter de la texture aux boissons comme le bubble tea ou les intégrer dans des recettes asiatiques. Leur petite taille permet une cuisson rapide et apporte une texture douce et légère.</p>

<p>Les Perles de Tapioca taille S de la marque Aroy-D sont parfaites pour préparer des desserts traditionnels, ajouter de la texture aux boissons comme le bubble<span class="excerpt-hellip"> […]</span></p>
