{"id":117496,"date":"2022-02-18T19:08:23","date_gmt":"2022-02-18T18:08:40","guid":{"rendered":"https:\/\/www.laperlavalles.cat\/product\/kuza-hair-food-8oz\/"},"modified":"2025-09-22T15:05:02","modified_gmt":"2025-09-22T13:05:02","slug":"kuza-hair-food-8oz","status":"publish","type":"product","link":"https:\/\/www.laperlavalles.cat\/fr\/produit\/kuza-hair-food-8oz\/","title":{"rendered":"KUZA HAIR FOOD 8OZ"},"content":{"rendered":"<p>Kuza hair food est un produit cosm\u00e9tique pour les cheveux. Un m\u00e9lange d&rsquo;huiles essentielles et de vitamines, sp\u00e9cialement formul\u00e9 pour les cheveux ab\u00eem\u00e9s et maltrait\u00e9s. Scelle l&rsquo;humidit\u00e9 pour \u00e9viter le dess\u00e8chement et la casse. Id\u00e9al pour les cheveux afro et les cheveux textur\u00e9s.<\/p>\n","protected":false},"excerpt":{"rendered":"<p>Kuza hair food est un produit cosm\u00e9tique pour les cheveux. Un m\u00e9lange d&rsquo;huiles essentielles et de vitamines, sp\u00e9cialement formul\u00e9 pour les cheveux ab\u00eem\u00e9s et maltrait\u00e9s. Scelle<span class=\"excerpt-hellip\"> [\u2026]<\/span><\/p>\n","protected":false},"featured_media":144406,"comment_status":"open","ping_status":"closed","template":"","meta":[],"product_cat":[8461,24331],"product_tag":[],"_links":{"self":[{"href":"https:\/\/www.laperlavalles.cat\/fr\/wp-json\/wp\/v2\/product\/117496"}],"collection":[{"href":"https:\/\/www.laperlavalles.cat\/fr\/wp-json\/wp\/v2\/product"}],"about":[{"href":"https:\/\/www.laperlavalles.cat\/fr\/wp-json\/wp\/v2\/types\/product"}],"replies":[{"embeddable":true,"href":"https:\/\/www.laperlavalles.cat\/fr\/wp-json\/wp\/v2\/comments?post=117496"}],"wp:featuredmedia":[{"embeddable":true,"href":"https:\/\/www.laperlavalles.cat\/fr\/wp-json\/wp\/v2\/media\/144406"}],"wp:attachment":[{"href":"https:\/\/www.laperlavalles.cat\/fr\/wp-json\/wp\/v2\/media?parent=117496"}],"wp:term":[{"taxonomy":"product_cat","embeddable":true,"href":"https:\/\/www.laperlavalles.cat\/fr\/wp-json\/wp\/v2\/product_cat?post=117496"},{"taxonomy":"product_tag","embeddable":true,"href":"https:\/\/www.laperlavalles.cat\/fr\/wp-json\/wp\/v2\/product_tag?post=117496"}],"curies":[{"name":"wp","href":"https:\/\/api.w.org\/{rel}","templated":true}]}}

<p>Kuza hair food est un produit cosmétique pour les cheveux. Un mélange d&rsquo;huiles essentielles et de vitamines, spécialement formulé pour les cheveux abîmés et maltraités. Scelle l&rsquo;humidité pour éviter le dessèchement et la casse. Idéal pour les cheveux afro et les cheveux texturés.</p>

<p>Kuza hair food est un produit cosmétique pour les cheveux. Un mélange d&rsquo;huiles essentielles et de vitamines, spécialement formulé pour les cheveux abîmés et maltraités. Scelle<span class="excerpt-hellip"> […]</span></p>
