{"id":119004,"date":"2022-05-20T12:19:49","date_gmt":"2022-05-20T10:20:07","guid":{"rendered":"https:\/\/www.laperlavalles.cat\/product\/cantu-acc-sturdy-detangle-comb\/"},"modified":"2024-11-21T16:02:30","modified_gmt":"2024-11-21T15:02:30","slug":"cantu-acc-sturdy-detangle-comb","status":"publish","type":"product","link":"https:\/\/www.laperlavalles.cat\/fr\/produit\/cantu-acc-sturdy-detangle-comb\/","title":{"rendered":"CANTU ACC STURDY DETANGLE COMB"},"content":{"rendered":"<p>Fabriqu\u00e9 avec un mat\u00e9riau durable et un crochet de douche pratique pour d\u00e9m\u00ealer facilement.<br \/>\nDivisez les cheveux en sections. Commencez par le bas et remontez lentement jusqu&rsquo;\u00e0 la racine. R\u00e9p\u00e9tez l&rsquo;op\u00e9ration pour chaque section. Ne commencez jamais \u00e0 d\u00e9m\u00ealer les cheveux \u00e0 partir de la racine, car vous risqueriez de les casser.<\/p>\n","protected":false},"excerpt":{"rendered":"<p>Fabriqu\u00e9 avec un mat\u00e9riau durable et un crochet de douche pratique pour d\u00e9m\u00ealer facilement. Divisez les cheveux en sections. Commencez par le bas et remontez lentement<span class=\"excerpt-hellip\"> [\u2026]<\/span><\/p>\n","protected":false},"featured_media":173767,"comment_status":"open","ping_status":"closed","template":"","meta":[],"product_cat":[10616],"product_tag":[],"_links":{"self":[{"href":"https:\/\/www.laperlavalles.cat\/fr\/wp-json\/wp\/v2\/product\/119004"}],"collection":[{"href":"https:\/\/www.laperlavalles.cat\/fr\/wp-json\/wp\/v2\/product"}],"about":[{"href":"https:\/\/www.laperlavalles.cat\/fr\/wp-json\/wp\/v2\/types\/product"}],"replies":[{"embeddable":true,"href":"https:\/\/www.laperlavalles.cat\/fr\/wp-json\/wp\/v2\/comments?post=119004"}],"wp:featuredmedia":[{"embeddable":true,"href":"https:\/\/www.laperlavalles.cat\/fr\/wp-json\/wp\/v2\/media\/173767"}],"wp:attachment":[{"href":"https:\/\/www.laperlavalles.cat\/fr\/wp-json\/wp\/v2\/media?parent=119004"}],"wp:term":[{"taxonomy":"product_cat","embeddable":true,"href":"https:\/\/www.laperlavalles.cat\/fr\/wp-json\/wp\/v2\/product_cat?post=119004"},{"taxonomy":"product_tag","embeddable":true,"href":"https:\/\/www.laperlavalles.cat\/fr\/wp-json\/wp\/v2\/product_tag?post=119004"}],"curies":[{"name":"wp","href":"https:\/\/api.w.org\/{rel}","templated":true}]}}

<p>Fabriqué avec un matériau durable et un crochet de douche pratique pour démêler facilement.<br />
Divisez les cheveux en sections. Commencez par le bas et remontez lentement jusqu&rsquo;à la racine. Répétez l&rsquo;opération pour chaque section. Ne commencez jamais à démêler les cheveux à partir de la racine, car vous risqueriez de les casser.</p>

<p>Fabriqué avec un matériau durable et un crochet de douche pratique pour démêler facilement. Divisez les cheveux en sections. Commencez par le bas et remontez lentement<span class="excerpt-hellip"> […]</span></p>
