{"id":119184,"date":"2022-05-20T12:36:56","date_gmt":"2022-05-20T10:37:14","guid":{"rendered":"https:\/\/www.laperlavalles.cat\/product\/cantu-acc-deco-satin-scarf\/"},"modified":"2025-02-20T11:46:10","modified_gmt":"2025-02-20T10:46:10","slug":"cantu-acc-deco-satin-scarf","status":"publish","type":"product","link":"https:\/\/www.laperlavalles.cat\/fr\/produit\/cantu-acc-deco-satin-scarf\/","title":{"rendered":"CANTU ACC DECO SATIN SCARF"},"content":{"rendered":"<p>La Perla propose une large gamme de produits cosm\u00e9tiques de la prestigieuse marque Cantu.<br \/>\nConsultez notre catalogue pour voir la gamme compl\u00e8te d&rsquo;accessoires pour cheveux Cantu, en particulier pour les cheveux afro, les cheveux textur\u00e9s et les cheveux boucl\u00e9s.<\/p>\n","protected":false},"excerpt":{"rendered":"<p>La Perla propose une large gamme de produits cosm\u00e9tiques de la prestigieuse marque Cantu. Consultez notre catalogue pour voir la gamme compl\u00e8te d&rsquo;accessoires pour cheveux Cantu,<span class=\"excerpt-hellip\"> [\u2026]<\/span><\/p>\n","protected":false},"featured_media":173559,"comment_status":"open","ping_status":"closed","template":"","meta":[],"product_cat":[10616],"product_tag":[],"_links":{"self":[{"href":"https:\/\/www.laperlavalles.cat\/fr\/wp-json\/wp\/v2\/product\/119184"}],"collection":[{"href":"https:\/\/www.laperlavalles.cat\/fr\/wp-json\/wp\/v2\/product"}],"about":[{"href":"https:\/\/www.laperlavalles.cat\/fr\/wp-json\/wp\/v2\/types\/product"}],"replies":[{"embeddable":true,"href":"https:\/\/www.laperlavalles.cat\/fr\/wp-json\/wp\/v2\/comments?post=119184"}],"wp:featuredmedia":[{"embeddable":true,"href":"https:\/\/www.laperlavalles.cat\/fr\/wp-json\/wp\/v2\/media\/173559"}],"wp:attachment":[{"href":"https:\/\/www.laperlavalles.cat\/fr\/wp-json\/wp\/v2\/media?parent=119184"}],"wp:term":[{"taxonomy":"product_cat","embeddable":true,"href":"https:\/\/www.laperlavalles.cat\/fr\/wp-json\/wp\/v2\/product_cat?post=119184"},{"taxonomy":"product_tag","embeddable":true,"href":"https:\/\/www.laperlavalles.cat\/fr\/wp-json\/wp\/v2\/product_tag?post=119184"}],"curies":[{"name":"wp","href":"https:\/\/api.w.org\/{rel}","templated":true}]}}

<p>La Perla propose une large gamme de produits cosmétiques de la prestigieuse marque Cantu.<br />
Consultez notre catalogue pour voir la gamme complète d&rsquo;accessoires pour cheveux Cantu, en particulier pour les cheveux afro, les cheveux texturés et les cheveux bouclés.</p>

<p>La Perla propose une large gamme de produits cosmétiques de la prestigieuse marque Cantu. Consultez notre catalogue pour voir la gamme complète d&rsquo;accessoires pour cheveux Cantu,<span class="excerpt-hellip"> […]</span></p>
