{"id":119264,"date":"2022-05-20T12:38:44","date_gmt":"2022-05-20T10:39:01","guid":{"rendered":"https:\/\/www.laperlavalles.cat\/product\/cantu-acc-regal-satin-bonnet-sleep-cap\/"},"modified":"2024-07-04T15:51:19","modified_gmt":"2024-07-04T13:51:19","slug":"cantu-acc-regal-satin-bonnet-sleep-cap","status":"publish","type":"product","link":"https:\/\/www.laperlavalles.cat\/fr\/produit\/cantu-acc-regal-satin-bonnet-sleep-cap\/","title":{"rendered":"CANTU ACC REGAL SATIN BONNET SLEEP CAP"},"content":{"rendered":"<p>La Perla propose une large gamme de produits cosm\u00e9tiques de la prestigieuse marque Cantu.<br \/>\nConsultez notre catalogue pour voir toute la gamme d&rsquo;accessoires pour cheveux Cantu, sp\u00e9cialement pour les cheveux afro, les cheveux textur\u00e9s et les cheveux boucl\u00e9s : peignes \u00e0 cheveux afro, brosses \u00e0 cheveux afro, turbans \u00e0 cheveux&#8230;<\/p>\n","protected":false},"excerpt":{"rendered":"<p>La Perla propose une large gamme de produits cosm\u00e9tiques de la prestigieuse marque Cantu. Consultez notre catalogue pour voir toute la gamme d&rsquo;accessoires pour cheveux Cantu,<span class=\"excerpt-hellip\"> [\u2026]<\/span><\/p>\n","protected":false},"featured_media":173623,"comment_status":"open","ping_status":"closed","template":"","meta":[],"product_cat":[10616],"product_tag":[],"_links":{"self":[{"href":"https:\/\/www.laperlavalles.cat\/fr\/wp-json\/wp\/v2\/product\/119264"}],"collection":[{"href":"https:\/\/www.laperlavalles.cat\/fr\/wp-json\/wp\/v2\/product"}],"about":[{"href":"https:\/\/www.laperlavalles.cat\/fr\/wp-json\/wp\/v2\/types\/product"}],"replies":[{"embeddable":true,"href":"https:\/\/www.laperlavalles.cat\/fr\/wp-json\/wp\/v2\/comments?post=119264"}],"wp:featuredmedia":[{"embeddable":true,"href":"https:\/\/www.laperlavalles.cat\/fr\/wp-json\/wp\/v2\/media\/173623"}],"wp:attachment":[{"href":"https:\/\/www.laperlavalles.cat\/fr\/wp-json\/wp\/v2\/media?parent=119264"}],"wp:term":[{"taxonomy":"product_cat","embeddable":true,"href":"https:\/\/www.laperlavalles.cat\/fr\/wp-json\/wp\/v2\/product_cat?post=119264"},{"taxonomy":"product_tag","embeddable":true,"href":"https:\/\/www.laperlavalles.cat\/fr\/wp-json\/wp\/v2\/product_tag?post=119264"}],"curies":[{"name":"wp","href":"https:\/\/api.w.org\/{rel}","templated":true}]}}

<p>La Perla propose une large gamme de produits cosmétiques de la prestigieuse marque Cantu.<br />
Consultez notre catalogue pour voir toute la gamme d&rsquo;accessoires pour cheveux Cantu, spécialement pour les cheveux afro, les cheveux texturés et les cheveux bouclés : peignes à cheveux afro, brosses à cheveux afro, turbans à cheveux&#8230;</p>

<p>La Perla propose une large gamme de produits cosmétiques de la prestigieuse marque Cantu. Consultez notre catalogue pour voir toute la gamme d&rsquo;accessoires pour cheveux Cantu,<span class="excerpt-hellip"> […]</span></p>
