{"id":123992,"date":"2022-06-30T15:00:43","date_gmt":"2022-06-30T13:01:00","guid":{"rendered":"https:\/\/www.laperlavalles.cat\/product\/nestle-cerelac-ble-et-de-fruits-400gr\/"},"modified":"2024-07-01T16:19:24","modified_gmt":"2024-07-01T14:19:24","slug":"nestle-cerelac-ble-et-de-fruits-400gr","status":"publish","type":"product","link":"https:\/\/www.laperlavalles.cat\/fr\/produit\/nestle-cerelac-ble-et-de-fruits-400gr\/","title":{"rendered":"NESTL\u00c9 CERELAC BL\u00c9 ET DE FRUITS 400GR"},"content":{"rendered":"<p>Nestl\u00e9 Cerelac Wheat &amp; Fruit pieces est la c\u00e9l\u00e8bre bouillie de Nestl\u00e9. \u00c0 partir de 8 mois.<\/p>\n","protected":false},"excerpt":{"rendered":"<p>Nestl\u00e9 Cerelac Wheat &amp; Fruit pieces est la c\u00e9l\u00e8bre bouillie de Nestl\u00e9. \u00c0 partir de 8 mois.<\/p>\n","protected":false},"featured_media":157087,"comment_status":"open","ping_status":"closed","template":"","meta":[],"product_cat":[10616],"product_tag":[],"_links":{"self":[{"href":"https:\/\/www.laperlavalles.cat\/fr\/wp-json\/wp\/v2\/product\/123992"}],"collection":[{"href":"https:\/\/www.laperlavalles.cat\/fr\/wp-json\/wp\/v2\/product"}],"about":[{"href":"https:\/\/www.laperlavalles.cat\/fr\/wp-json\/wp\/v2\/types\/product"}],"replies":[{"embeddable":true,"href":"https:\/\/www.laperlavalles.cat\/fr\/wp-json\/wp\/v2\/comments?post=123992"}],"wp:featuredmedia":[{"embeddable":true,"href":"https:\/\/www.laperlavalles.cat\/fr\/wp-json\/wp\/v2\/media\/157087"}],"wp:attachment":[{"href":"https:\/\/www.laperlavalles.cat\/fr\/wp-json\/wp\/v2\/media?parent=123992"}],"wp:term":[{"taxonomy":"product_cat","embeddable":true,"href":"https:\/\/www.laperlavalles.cat\/fr\/wp-json\/wp\/v2\/product_cat?post=123992"},{"taxonomy":"product_tag","embeddable":true,"href":"https:\/\/www.laperlavalles.cat\/fr\/wp-json\/wp\/v2\/product_tag?post=123992"}],"curies":[{"name":"wp","href":"https:\/\/api.w.org\/{rel}","templated":true}]}}

NESTLÉ CERELAC BLÉ ET DE FRUITS 400GR

<p>Nestlé Cerelac Wheat &amp; Fruit pieces est la célèbre bouillie de Nestlé. À partir de 8 mois.</p>
