{"id":182274,"date":"2025-02-28T09:52:00","date_gmt":"2025-02-28T08:52:17","guid":{"rendered":"https:\/\/www.laperlavalles.cat\/product\/infusion-de-the-vert-fitne\/"},"modified":"2025-02-28T10:23:17","modified_gmt":"2025-02-28T09:23:17","slug":"infusion-de-the-vert-fitne","status":"publish","type":"product","link":"https:\/\/www.laperlavalles.cat\/fr\/produit\/infusion-de-the-vert-fitne\/","title":{"rendered":"Infusion de th\u00e9 vert Fitn\u00e8"},"content":{"rendered":"<p>L&rsquo;infusion de th\u00e9 vert Fitn\u00e8 est une infusion \u00e0 base de feuilles de th\u00e9 vert, de feuilles de s\u00e9n\u00e9 et de Garcinia atroviridis. Il s&rsquo;agit d&rsquo;un produit naturel qui favorise la perte de poids tout en offrant d&rsquo;autres avantages pour la sant\u00e9.<\/p>\n","protected":false},"excerpt":{"rendered":"<p>L&rsquo;infusion de th\u00e9 vert Fitn\u00e8 est une infusion \u00e0 base de feuilles de th\u00e9 vert, de feuilles de s\u00e9n\u00e9 et de Garcinia atroviridis. Il s&rsquo;agit d&rsquo;un<span class=\"excerpt-hellip\"> [\u2026]<\/span><\/p>\n","protected":false},"featured_media":182257,"comment_status":"open","ping_status":"closed","template":"","meta":[],"product_cat":[8600,8446],"product_tag":[],"_links":{"self":[{"href":"https:\/\/www.laperlavalles.cat\/fr\/wp-json\/wp\/v2\/product\/182274"}],"collection":[{"href":"https:\/\/www.laperlavalles.cat\/fr\/wp-json\/wp\/v2\/product"}],"about":[{"href":"https:\/\/www.laperlavalles.cat\/fr\/wp-json\/wp\/v2\/types\/product"}],"replies":[{"embeddable":true,"href":"https:\/\/www.laperlavalles.cat\/fr\/wp-json\/wp\/v2\/comments?post=182274"}],"wp:featuredmedia":[{"embeddable":true,"href":"https:\/\/www.laperlavalles.cat\/fr\/wp-json\/wp\/v2\/media\/182257"}],"wp:attachment":[{"href":"https:\/\/www.laperlavalles.cat\/fr\/wp-json\/wp\/v2\/media?parent=182274"}],"wp:term":[{"taxonomy":"product_cat","embeddable":true,"href":"https:\/\/www.laperlavalles.cat\/fr\/wp-json\/wp\/v2\/product_cat?post=182274"},{"taxonomy":"product_tag","embeddable":true,"href":"https:\/\/www.laperlavalles.cat\/fr\/wp-json\/wp\/v2\/product_tag?post=182274"}],"curies":[{"name":"wp","href":"https:\/\/api.w.org\/{rel}","templated":true}]}}

Infusion de thé vert Fitnè

<p>L&rsquo;infusion de thé vert Fitnè est une infusion à base de feuilles de thé vert, de feuilles de séné et de Garcinia atroviridis. Il s&rsquo;agit d&rsquo;un produit naturel qui favorise la perte de poids tout en offrant d&rsquo;autres avantages pour la santé.</p>

<p>L&rsquo;infusion de thé vert Fitnè est une infusion à base de feuilles de thé vert, de feuilles de séné et de Garcinia atroviridis. Il s&rsquo;agit d&rsquo;un<span class="excerpt-hellip"> […]</span></p>
