{"id":186934,"date":"2025-03-12T12:17:23","date_gmt":"2025-03-12T11:17:39","guid":{"rendered":"https:\/\/www.laperlavalles.cat\/product\/sardines-avec-sauce-tomate-epicee-anny-425g\/"},"modified":"2025-09-04T16:50:09","modified_gmt":"2025-09-04T14:50:09","slug":"sardines-avec-sauce-tomate-epicee-anny-425g","status":"publish","type":"product","link":"https:\/\/www.laperlavalles.cat\/fr\/produit\/sardines-avec-sauce-tomate-epicee-anny-425g\/","title":{"rendered":"Sardines avec sauce Tomate \u00c9pic\u00e9e Anny 425g"},"content":{"rendered":"<p>Sardines en conserve avec une sauce tomate \u00e9pic\u00e9e, pour les amateurs de saveurs intenses et de plats savoureux.<\/p>\n","protected":false},"excerpt":{"rendered":"<p>Sardines en conserve avec une sauce tomate \u00e9pic\u00e9e, pour les amateurs de saveurs intenses et de plats savoureux.<\/p>\n","protected":false},"featured_media":186917,"comment_status":"open","ping_status":"closed","template":"","meta":[],"product_cat":[10616],"product_tag":[],"_links":{"self":[{"href":"https:\/\/www.laperlavalles.cat\/fr\/wp-json\/wp\/v2\/product\/186934"}],"collection":[{"href":"https:\/\/www.laperlavalles.cat\/fr\/wp-json\/wp\/v2\/product"}],"about":[{"href":"https:\/\/www.laperlavalles.cat\/fr\/wp-json\/wp\/v2\/types\/product"}],"replies":[{"embeddable":true,"href":"https:\/\/www.laperlavalles.cat\/fr\/wp-json\/wp\/v2\/comments?post=186934"}],"wp:featuredmedia":[{"embeddable":true,"href":"https:\/\/www.laperlavalles.cat\/fr\/wp-json\/wp\/v2\/media\/186917"}],"wp:attachment":[{"href":"https:\/\/www.laperlavalles.cat\/fr\/wp-json\/wp\/v2\/media?parent=186934"}],"wp:term":[{"taxonomy":"product_cat","embeddable":true,"href":"https:\/\/www.laperlavalles.cat\/fr\/wp-json\/wp\/v2\/product_cat?post=186934"},{"taxonomy":"product_tag","embeddable":true,"href":"https:\/\/www.laperlavalles.cat\/fr\/wp-json\/wp\/v2\/product_tag?post=186934"}],"curies":[{"name":"wp","href":"https:\/\/api.w.org\/{rel}","templated":true}]}}

Sardines avec sauce Tomate Épicée Anny 425g

<p>Sardines en conserve avec une sauce tomate épicée, pour les amateurs de saveurs intenses et de plats savoureux.</p>
