{"id":188139,"date":"2025-03-12T13:40:36","date_gmt":"2025-03-12T12:40:53","guid":{"rendered":"https:\/\/www.laperlavalles.cat\/product\/double-concentre-de-tomate-dieg-bou-diar-2-kg4\/"},"modified":"2025-03-12T13:45:56","modified_gmt":"2025-03-12T12:45:56","slug":"double-concentre-de-tomate-dieg-bou-diar-2-kg4","status":"publish","type":"product","link":"https:\/\/www.laperlavalles.cat\/fr\/produit\/double-concentre-de-tomate-dieg-bou-diar-2-kg4\/","title":{"rendered":"Double Concentr\u00e9 de Tomate Dieg Bou Diar 2 kg4"},"content":{"rendered":"<p>Double concentr\u00e9 de tomate de 2 kg, id\u00e9al pour sauces et plats traditionnels africains.<\/p>\n","protected":false},"excerpt":{"rendered":"<p>Double concentr\u00e9 de tomate de 2 kg, id\u00e9al pour sauces et plats traditionnels africains.<\/p>\n","protected":false},"featured_media":188122,"comment_status":"open","ping_status":"closed","template":"","meta":[],"product_cat":[10616],"product_tag":[],"_links":{"self":[{"href":"https:\/\/www.laperlavalles.cat\/fr\/wp-json\/wp\/v2\/product\/188139"}],"collection":[{"href":"https:\/\/www.laperlavalles.cat\/fr\/wp-json\/wp\/v2\/product"}],"about":[{"href":"https:\/\/www.laperlavalles.cat\/fr\/wp-json\/wp\/v2\/types\/product"}],"replies":[{"embeddable":true,"href":"https:\/\/www.laperlavalles.cat\/fr\/wp-json\/wp\/v2\/comments?post=188139"}],"wp:featuredmedia":[{"embeddable":true,"href":"https:\/\/www.laperlavalles.cat\/fr\/wp-json\/wp\/v2\/media\/188122"}],"wp:attachment":[{"href":"https:\/\/www.laperlavalles.cat\/fr\/wp-json\/wp\/v2\/media?parent=188139"}],"wp:term":[{"taxonomy":"product_cat","embeddable":true,"href":"https:\/\/www.laperlavalles.cat\/fr\/wp-json\/wp\/v2\/product_cat?post=188139"},{"taxonomy":"product_tag","embeddable":true,"href":"https:\/\/www.laperlavalles.cat\/fr\/wp-json\/wp\/v2\/product_tag?post=188139"}],"curies":[{"name":"wp","href":"https:\/\/api.w.org\/{rel}","templated":true}]}}

Double Concentré de Tomate Dieg Bou Diar 2 kg4

<p>Double concentré de tomate de 2 kg, idéal pour sauces et plats traditionnels africains.</p>
