{"id":188449,"date":"2025-03-12T15:20:37","date_gmt":"2025-03-12T14:20:55","guid":{"rendered":"https:\/\/www.laperlavalles.cat\/product\/jus-de-fruit-de-raisin-avec-aloe-vera-okf-500ml\/"},"modified":"2025-03-12T16:00:20","modified_gmt":"2025-03-12T15:00:20","slug":"jus-de-fruit-de-raisin-avec-aloe-vera-okf-500ml","status":"publish","type":"product","link":"https:\/\/www.laperlavalles.cat\/fr\/produit\/jus-de-fruit-de-raisin-avec-aloe-vera-okf-500ml\/","title":{"rendered":"Jus de fruit de Raisin avec Aloe Vera OKF 500ml"},"content":{"rendered":"<p>Savourez une boisson rafra\u00eechissante au raisin muscat OKF, \u00e9labor\u00e9e avec du jus de raisin naturel et du v\u00e9ritable gel d&rsquo;aloe vera. Son go\u00fbt doux et rafra\u00eechissant, associ\u00e9 \u00e0 des morceaux d&rsquo;aloe vera \u00e0 m\u00e2cher, offre une exp\u00e9rience unique et agr\u00e9able. Parfaite pour s&rsquo;hydrater et se faire plaisir \u00e0 tout moment de la journ\u00e9e.<\/p>\n","protected":false},"excerpt":{"rendered":"<p>Savourez une boisson rafra\u00eechissante au raisin muscat OKF, \u00e9labor\u00e9e avec du jus de raisin naturel et du v\u00e9ritable gel d&rsquo;aloe vera. Son go\u00fbt doux et rafra\u00eechissant,<span class=\"excerpt-hellip\"> [\u2026]<\/span><\/p>\n","protected":false},"featured_media":188432,"comment_status":"open","ping_status":"closed","template":"","meta":[],"product_cat":[8445,8590],"product_tag":[],"_links":{"self":[{"href":"https:\/\/www.laperlavalles.cat\/fr\/wp-json\/wp\/v2\/product\/188449"}],"collection":[{"href":"https:\/\/www.laperlavalles.cat\/fr\/wp-json\/wp\/v2\/product"}],"about":[{"href":"https:\/\/www.laperlavalles.cat\/fr\/wp-json\/wp\/v2\/types\/product"}],"replies":[{"embeddable":true,"href":"https:\/\/www.laperlavalles.cat\/fr\/wp-json\/wp\/v2\/comments?post=188449"}],"wp:featuredmedia":[{"embeddable":true,"href":"https:\/\/www.laperlavalles.cat\/fr\/wp-json\/wp\/v2\/media\/188432"}],"wp:attachment":[{"href":"https:\/\/www.laperlavalles.cat\/fr\/wp-json\/wp\/v2\/media?parent=188449"}],"wp:term":[{"taxonomy":"product_cat","embeddable":true,"href":"https:\/\/www.laperlavalles.cat\/fr\/wp-json\/wp\/v2\/product_cat?post=188449"},{"taxonomy":"product_tag","embeddable":true,"href":"https:\/\/www.laperlavalles.cat\/fr\/wp-json\/wp\/v2\/product_tag?post=188449"}],"curies":[{"name":"wp","href":"https:\/\/api.w.org\/{rel}","templated":true}]}}

<p>Savourez une boisson rafraîchissante au raisin muscat OKF, élaborée avec du jus de raisin naturel et du véritable gel d&rsquo;aloe vera. Son goût doux et rafraîchissant, associé à des morceaux d&rsquo;aloe vera à mâcher, offre une expérience unique et agréable. Parfaite pour s&rsquo;hydrater et se faire plaisir à tout moment de la journée.</p>

<p>Savourez une boisson rafraîchissante au raisin muscat OKF, élaborée avec du jus de raisin naturel et du véritable gel d&rsquo;aloe vera. Son goût doux et rafraîchissant,<span class="excerpt-hellip"> […]</span></p>
