{"id":188759,"date":"2025-03-12T15:46:33","date_gmt":"2025-03-12T14:46:33","guid":{"rendered":"https:\/\/www.laperlavalles.cat\/product\/jus-de-fruit-de-citron-et-gingembre-avec-aloe-vera-okf-500ml-5\/"},"modified":"2025-03-12T15:46:33","modified_gmt":"2025-03-12T14:46:33","slug":"jus-de-fruit-de-citron-et-gingembre-avec-aloe-vera-okf-500ml-5","status":"publish","type":"product","link":"https:\/\/www.laperlavalles.cat\/fr\/produit\/jus-de-fruit-de-citron-et-gingembre-avec-aloe-vera-okf-500ml-5\/","title":{"rendered":"Jus de fruit de citron et gingembre avec Aloe Vera OKF 500ml"},"content":{"rendered":"<p>Boisson au citron et gingembre, douce et rafra\u00eechissante, avec morceaux d&rsquo;aloe vera \u00e0 m\u00e2cher, jus r\u00e9el de citron et gingembre, gel d&rsquo;aloe vera ajout\u00e9 et ar\u00f4mes naturels et artificiels.<\/p>\n","protected":false},"excerpt":{"rendered":"<p>Boisson au citron et gingembre, douce et rafra\u00eechissante, avec morceaux d&rsquo;aloe vera \u00e0 m\u00e2cher, jus r\u00e9el de citron et gingembre, gel d&rsquo;aloe vera ajout\u00e9 et ar\u00f4mes<span class=\"excerpt-hellip\"> [\u2026]<\/span><\/p>\n","protected":false},"featured_media":188755,"comment_status":"open","ping_status":"closed","template":"","meta":[],"product_cat":[8445,8590],"product_tag":[],"_links":{"self":[{"href":"https:\/\/www.laperlavalles.cat\/fr\/wp-json\/wp\/v2\/product\/188759"}],"collection":[{"href":"https:\/\/www.laperlavalles.cat\/fr\/wp-json\/wp\/v2\/product"}],"about":[{"href":"https:\/\/www.laperlavalles.cat\/fr\/wp-json\/wp\/v2\/types\/product"}],"replies":[{"embeddable":true,"href":"https:\/\/www.laperlavalles.cat\/fr\/wp-json\/wp\/v2\/comments?post=188759"}],"wp:featuredmedia":[{"embeddable":true,"href":"https:\/\/www.laperlavalles.cat\/fr\/wp-json\/wp\/v2\/media\/188755"}],"wp:attachment":[{"href":"https:\/\/www.laperlavalles.cat\/fr\/wp-json\/wp\/v2\/media?parent=188759"}],"wp:term":[{"taxonomy":"product_cat","embeddable":true,"href":"https:\/\/www.laperlavalles.cat\/fr\/wp-json\/wp\/v2\/product_cat?post=188759"},{"taxonomy":"product_tag","embeddable":true,"href":"https:\/\/www.laperlavalles.cat\/fr\/wp-json\/wp\/v2\/product_tag?post=188759"}],"curies":[{"name":"wp","href":"https:\/\/api.w.org\/{rel}","templated":true}]}}

<p>Boisson au citron et gingembre, douce et rafraîchissante, avec morceaux d&rsquo;aloe vera à mâcher, jus réel de citron et gingembre, gel d&rsquo;aloe vera ajouté et arômes naturels et artificiels.</p>

<p>Boisson au citron et gingembre, douce et rafraîchissante, avec morceaux d&rsquo;aloe vera à mâcher, jus réel de citron et gingembre, gel d&rsquo;aloe vera ajouté et arômes<span class="excerpt-hellip"> […]</span></p>
