{"id":189549,"date":"2025-03-14T09:20:37","date_gmt":"2025-03-14T08:20:55","guid":{"rendered":"https:\/\/www.laperlavalles.cat\/product\/apres-shampoing-profond-au-babassu-et-a-la-menthe-mielle-227-ml\/"},"modified":"2025-03-27T13:24:48","modified_gmt":"2025-03-27T12:24:48","slug":"apres-shampoing-profond-au-babassu-et-a-la-menthe-mielle-227-ml","status":"publish","type":"product","link":"https:\/\/www.laperlavalles.cat\/fr\/produit\/apres-shampoing-profond-au-babassu-et-a-la-menthe-mielle-227-ml\/","title":{"rendered":"APR\u00c8S-SHAMPOING PROFOND AU BABASSU ET \u00c0 LA MENTHE MIELLE 227 ML"},"content":{"rendered":"<p>L&rsquo;APR\u00c8S-SHAMPOING PROFOND AU BABASSU ET \u00c0 LA MENTHE MIELLE de 227 ml offre une hydratation profonde et r\u00e9paratrice pour les cheveux secs et ab\u00eem\u00e9s. Enrichi en huile de babassu et en extrait de menthe, il aide \u00e0 restaurer la douceur, la brillance et la force des cheveux tout en revitalisant le cuir chevelu avec une sensation de fra\u00eecheur. Id\u00e9al pour une utilisation hebdomadaire afin de maintenir des cheveux sains et nourris.<\/p>\n","protected":false},"excerpt":{"rendered":"<p>L&rsquo;APR\u00c8S-SHAMPOING PROFOND AU BABASSU ET \u00c0 LA MENTHE MIELLE de 227 ml offre une hydratation profonde et r\u00e9paratrice pour les cheveux secs et ab\u00eem\u00e9s. Enrichi en<span class=\"excerpt-hellip\"> [\u2026]<\/span><\/p>\n","protected":false},"featured_media":189532,"comment_status":"open","ping_status":"closed","template":"","meta":[],"product_cat":[8461,24331],"product_tag":[],"_links":{"self":[{"href":"https:\/\/www.laperlavalles.cat\/fr\/wp-json\/wp\/v2\/product\/189549"}],"collection":[{"href":"https:\/\/www.laperlavalles.cat\/fr\/wp-json\/wp\/v2\/product"}],"about":[{"href":"https:\/\/www.laperlavalles.cat\/fr\/wp-json\/wp\/v2\/types\/product"}],"replies":[{"embeddable":true,"href":"https:\/\/www.laperlavalles.cat\/fr\/wp-json\/wp\/v2\/comments?post=189549"}],"wp:featuredmedia":[{"embeddable":true,"href":"https:\/\/www.laperlavalles.cat\/fr\/wp-json\/wp\/v2\/media\/189532"}],"wp:attachment":[{"href":"https:\/\/www.laperlavalles.cat\/fr\/wp-json\/wp\/v2\/media?parent=189549"}],"wp:term":[{"taxonomy":"product_cat","embeddable":true,"href":"https:\/\/www.laperlavalles.cat\/fr\/wp-json\/wp\/v2\/product_cat?post=189549"},{"taxonomy":"product_tag","embeddable":true,"href":"https:\/\/www.laperlavalles.cat\/fr\/wp-json\/wp\/v2\/product_tag?post=189549"}],"curies":[{"name":"wp","href":"https:\/\/api.w.org\/{rel}","templated":true}]}}

APRÈS-SHAMPOING PROFOND AU BABASSU ET À LA MENTHE MIELLE 227 ML

<p>L&rsquo;APRÈS-SHAMPOING PROFOND AU BABASSU ET À LA MENTHE MIELLE de 227 ml offre une hydratation profonde et réparatrice pour les cheveux secs et abîmés. Enrichi en huile de babassu et en extrait de menthe, il aide à restaurer la douceur, la brillance et la force des cheveux tout en revitalisant le cuir chevelu avec une sensation de fraîcheur. Idéal pour une utilisation hebdomadaire afin de maintenir des cheveux sains et nourris.</p>

<p>L&rsquo;APRÈS-SHAMPOING PROFOND AU BABASSU ET À LA MENTHE MIELLE de 227 ml offre une hydratation profonde et réparatrice pour les cheveux secs et abîmés. Enrichi en<span class="excerpt-hellip"> […]</span></p>
