{"id":189769,"date":"2025-03-17T14:10:34","date_gmt":"2025-03-17T13:10:47","guid":{"rendered":"https:\/\/www.laperlavalles.cat\/product\/as-i-am-classic-twist-defining-cream-227g\/"},"modified":"2025-03-17T14:16:02","modified_gmt":"2025-03-17T13:16:02","slug":"as-i-am-classic-twist-defining-cream-227g","status":"publish","type":"product","link":"https:\/\/www.laperlavalles.cat\/fr\/produit\/as-i-am-classic-twist-defining-cream-227g\/","title":{"rendered":"AS I AM CLASSIC TWIST DEFINING CREAM 227G"},"content":{"rendered":"<p>La As I Am Classic Twist Defining Cream est une cr\u00e8me coiffante sp\u00e9cialement formul\u00e9e pour d\u00e9finir et am\u00e9liorer les boucles des cheveux boucl\u00e9s et textur\u00e9s. Sa formule, enrichie en huiles naturelles telles que celles de tournesol et de ricin, ainsi qu&rsquo;en extraits d&rsquo;amla et de racine de betterave, nourrit les cheveux, aide \u00e0 maintenir une croissance saine et offre une d\u00e9finition durable des boucles. Cette cr\u00e8me aide \u00e9galement \u00e0 r\u00e9duire les frisottis, apportant douceur et brillance sans laisser de r\u00e9sidus collants ou gras.<\/p>\n","protected":false},"excerpt":{"rendered":"<p>La As I Am Classic Twist Defining Cream est une cr\u00e8me coiffante sp\u00e9cialement formul\u00e9e pour d\u00e9finir et am\u00e9liorer les boucles des cheveux boucl\u00e9s et textur\u00e9s. Sa<span class=\"excerpt-hellip\"> [\u2026]<\/span><\/p>\n","protected":false},"featured_media":189752,"comment_status":"open","ping_status":"closed","template":"","meta":[],"product_cat":[10616],"product_tag":[],"_links":{"self":[{"href":"https:\/\/www.laperlavalles.cat\/fr\/wp-json\/wp\/v2\/product\/189769"}],"collection":[{"href":"https:\/\/www.laperlavalles.cat\/fr\/wp-json\/wp\/v2\/product"}],"about":[{"href":"https:\/\/www.laperlavalles.cat\/fr\/wp-json\/wp\/v2\/types\/product"}],"replies":[{"embeddable":true,"href":"https:\/\/www.laperlavalles.cat\/fr\/wp-json\/wp\/v2\/comments?post=189769"}],"wp:featuredmedia":[{"embeddable":true,"href":"https:\/\/www.laperlavalles.cat\/fr\/wp-json\/wp\/v2\/media\/189752"}],"wp:attachment":[{"href":"https:\/\/www.laperlavalles.cat\/fr\/wp-json\/wp\/v2\/media?parent=189769"}],"wp:term":[{"taxonomy":"product_cat","embeddable":true,"href":"https:\/\/www.laperlavalles.cat\/fr\/wp-json\/wp\/v2\/product_cat?post=189769"},{"taxonomy":"product_tag","embeddable":true,"href":"https:\/\/www.laperlavalles.cat\/fr\/wp-json\/wp\/v2\/product_tag?post=189769"}],"curies":[{"name":"wp","href":"https:\/\/api.w.org\/{rel}","templated":true}]}}

<p>La As I Am Classic Twist Defining Cream est une crème coiffante spécialement formulée pour définir et améliorer les boucles des cheveux bouclés et texturés. Sa formule, enrichie en huiles naturelles telles que celles de tournesol et de ricin, ainsi qu&rsquo;en extraits d&rsquo;amla et de racine de betterave, nourrit les cheveux, aide à maintenir une croissance saine et offre une définition durable des boucles. Cette crème aide également à réduire les frisottis, apportant douceur et brillance sans laisser de résidus collants ou gras.</p>

<p>La As I Am Classic Twist Defining Cream est une crème coiffante spécialement formulée pour définir et améliorer les boucles des cheveux bouclés et texturés. Sa<span class="excerpt-hellip"> […]</span></p>
