{"id":189809,"date":"2025-03-17T14:22:13","date_gmt":"2025-03-17T13:22:30","guid":{"rendered":"https:\/\/www.laperlavalles.cat\/product\/as-i-am-jamaican-black-castor-oil-water-473ml\/"},"modified":"2025-03-27T13:23:22","modified_gmt":"2025-03-27T12:23:22","slug":"as-i-am-jamaican-black-castor-oil-water-473ml","status":"publish","type":"product","link":"https:\/\/www.laperlavalles.cat\/fr\/produit\/as-i-am-jamaican-black-castor-oil-water-473ml\/","title":{"rendered":"AS I AM JAMAICAN BLACK CASTOR OIL WATER 473ML"},"content":{"rendered":"<p>L&rsquo;As I Am Jamaican Black Castor Oil Water est une eau hydratante con\u00e7ue pour revitaliser et renforcer les cheveux naturels. Elle utilise la nanotechnologie pour distribuer uniform\u00e9ment l&rsquo;huile de ricin noir jama\u00efcain, ainsi que les vitamines C et E, sur chaque m\u00e8che de cheveux, augmentant et retenant l&rsquo;humidit\u00e9 n\u00e9cessaire pour maintenir des cheveux sains. Cette formule sp\u00e9ciale permet une meilleure p\u00e9n\u00e9tration des ingr\u00e9dients b\u00e9n\u00e9fiques dans la fibre capillaire, augmentant sa force et am\u00e9liorant la maniabilit\u00e9.<\/p>\n","protected":false},"excerpt":{"rendered":"<p>L&rsquo;As I Am Jamaican Black Castor Oil Water est une eau hydratante con\u00e7ue pour revitaliser et renforcer les cheveux naturels. Elle utilise la nanotechnologie pour distribuer<span class=\"excerpt-hellip\"> [\u2026]<\/span><\/p>\n","protected":false},"featured_media":189792,"comment_status":"open","ping_status":"closed","template":"","meta":[],"product_cat":[8461,24331],"product_tag":[],"_links":{"self":[{"href":"https:\/\/www.laperlavalles.cat\/fr\/wp-json\/wp\/v2\/product\/189809"}],"collection":[{"href":"https:\/\/www.laperlavalles.cat\/fr\/wp-json\/wp\/v2\/product"}],"about":[{"href":"https:\/\/www.laperlavalles.cat\/fr\/wp-json\/wp\/v2\/types\/product"}],"replies":[{"embeddable":true,"href":"https:\/\/www.laperlavalles.cat\/fr\/wp-json\/wp\/v2\/comments?post=189809"}],"wp:featuredmedia":[{"embeddable":true,"href":"https:\/\/www.laperlavalles.cat\/fr\/wp-json\/wp\/v2\/media\/189792"}],"wp:attachment":[{"href":"https:\/\/www.laperlavalles.cat\/fr\/wp-json\/wp\/v2\/media?parent=189809"}],"wp:term":[{"taxonomy":"product_cat","embeddable":true,"href":"https:\/\/www.laperlavalles.cat\/fr\/wp-json\/wp\/v2\/product_cat?post=189809"},{"taxonomy":"product_tag","embeddable":true,"href":"https:\/\/www.laperlavalles.cat\/fr\/wp-json\/wp\/v2\/product_tag?post=189809"}],"curies":[{"name":"wp","href":"https:\/\/api.w.org\/{rel}","templated":true}]}}

<p>L&rsquo;As I Am Jamaican Black Castor Oil Water est une eau hydratante conçue pour revitaliser et renforcer les cheveux naturels. Elle utilise la nanotechnologie pour distribuer uniformément l&rsquo;huile de ricin noir jamaïcain, ainsi que les vitamines C et E, sur chaque mèche de cheveux, augmentant et retenant l&rsquo;humidité nécessaire pour maintenir des cheveux sains. Cette formule spéciale permet une meilleure pénétration des ingrédients bénéfiques dans la fibre capillaire, augmentant sa force et améliorant la maniabilité.</p>

<p>L&rsquo;As I Am Jamaican Black Castor Oil Water est une eau hydratante conçue pour revitaliser et renforcer les cheveux naturels. Elle utilise la nanotechnologie pour distribuer<span class="excerpt-hellip"> […]</span></p>
