{"id":192124,"date":"2025-04-30T08:30:42","date_gmt":"2025-04-30T06:31:01","guid":{"rendered":"https:\/\/www.laperlavalles.cat\/product\/vitals-olive-oil-breeze-shampoo-16oz\/"},"modified":"2025-05-12T15:46:10","modified_gmt":"2025-05-12T13:46:10","slug":"vitals-olive-oil-breeze-shampoo-16oz","status":"publish","type":"product","link":"https:\/\/www.laperlavalles.cat\/fr\/produit\/vitals-olive-oil-breeze-shampoo-16oz\/","title":{"rendered":"VITALS OLIVE OIL BREEZE SHAMPOO 16OZ"},"content":{"rendered":"<p>Le Vitale Olive Oil Breeze Shampoo est un shampooing \u00e0 l&rsquo;huile d&rsquo;olive qui nettoie en profondeur, \u00e9liminant les r\u00e9sidus comme la colle des extensions et les produits de fixation. Il apporte brillance et \u00e9lasticit\u00e9, id\u00e9al pour les cheveux avec des extensions ou des perruques.<\/p>\n","protected":false},"excerpt":{"rendered":"<p>Le Vitale Olive Oil Breeze Shampoo est un shampooing \u00e0 l&rsquo;huile d&rsquo;olive qui nettoie en profondeur, \u00e9liminant les r\u00e9sidus comme la colle des extensions et les<span class=\"excerpt-hellip\"> [\u2026]<\/span><\/p>\n","protected":false},"featured_media":192107,"comment_status":"open","ping_status":"closed","template":"","meta":[],"product_cat":[8461,24331],"product_tag":[],"_links":{"self":[{"href":"https:\/\/www.laperlavalles.cat\/fr\/wp-json\/wp\/v2\/product\/192124"}],"collection":[{"href":"https:\/\/www.laperlavalles.cat\/fr\/wp-json\/wp\/v2\/product"}],"about":[{"href":"https:\/\/www.laperlavalles.cat\/fr\/wp-json\/wp\/v2\/types\/product"}],"replies":[{"embeddable":true,"href":"https:\/\/www.laperlavalles.cat\/fr\/wp-json\/wp\/v2\/comments?post=192124"}],"wp:featuredmedia":[{"embeddable":true,"href":"https:\/\/www.laperlavalles.cat\/fr\/wp-json\/wp\/v2\/media\/192107"}],"wp:attachment":[{"href":"https:\/\/www.laperlavalles.cat\/fr\/wp-json\/wp\/v2\/media?parent=192124"}],"wp:term":[{"taxonomy":"product_cat","embeddable":true,"href":"https:\/\/www.laperlavalles.cat\/fr\/wp-json\/wp\/v2\/product_cat?post=192124"},{"taxonomy":"product_tag","embeddable":true,"href":"https:\/\/www.laperlavalles.cat\/fr\/wp-json\/wp\/v2\/product_tag?post=192124"}],"curies":[{"name":"wp","href":"https:\/\/api.w.org\/{rel}","templated":true}]}}

<p>Le Vitale Olive Oil Breeze Shampoo est un shampooing à l&rsquo;huile d&rsquo;olive qui nettoie en profondeur, éliminant les résidus comme la colle des extensions et les produits de fixation. Il apporte brillance et élasticité, idéal pour les cheveux avec des extensions ou des perruques.</p>

<p>Le Vitale Olive Oil Breeze Shampoo est un shampooing à l&rsquo;huile d&rsquo;olive qui nettoie en profondeur, éliminant les résidus comme la colle des extensions et les<span class="excerpt-hellip"> […]</span></p>
