{"id":192144,"date":"2025-04-30T08:33:04","date_gmt":"2025-04-30T06:33:21","guid":{"rendered":"https:\/\/www.laperlavalles.cat\/product\/vitals-olive-oil-hair-polisher-6oz\/"},"modified":"2025-05-12T15:47:59","modified_gmt":"2025-05-12T13:47:59","slug":"vitals-olive-oil-hair-polisher-6oz","status":"publish","type":"product","link":"https:\/\/www.laperlavalles.cat\/fr\/produit\/vitals-olive-oil-hair-polisher-6oz\/","title":{"rendered":"VITALS OLIVE OIL HAIR POLISHER 6OZ"},"content":{"rendered":"<p>Le Vitale Olive Oil Hair Polisher 6oz est un s\u00e9rum l\u00e9ger qui combine de l&rsquo;huile d&rsquo;olive et de la vitamine E pour apporter brillance, douceur et protection contre la casse des cheveux. Id\u00e9al pour les cheveux secs, boucl\u00e9s ou expos\u00e9s \u00e0 la chaleur, il combat les frisottis et am\u00e9liore l&rsquo;\u00e9lasticit\u00e9 sans laisser de r\u00e9sidus gras.<\/p>\n","protected":false},"excerpt":{"rendered":"<p>Le Vitale Olive Oil Hair Polisher 6oz est un s\u00e9rum l\u00e9ger qui combine de l&rsquo;huile d&rsquo;olive et de la vitamine E pour apporter brillance, douceur et<span class=\"excerpt-hellip\"> [\u2026]<\/span><\/p>\n","protected":false},"featured_media":192127,"comment_status":"open","ping_status":"closed","template":"","meta":[],"product_cat":[8461,24331],"product_tag":[],"_links":{"self":[{"href":"https:\/\/www.laperlavalles.cat\/fr\/wp-json\/wp\/v2\/product\/192144"}],"collection":[{"href":"https:\/\/www.laperlavalles.cat\/fr\/wp-json\/wp\/v2\/product"}],"about":[{"href":"https:\/\/www.laperlavalles.cat\/fr\/wp-json\/wp\/v2\/types\/product"}],"replies":[{"embeddable":true,"href":"https:\/\/www.laperlavalles.cat\/fr\/wp-json\/wp\/v2\/comments?post=192144"}],"wp:featuredmedia":[{"embeddable":true,"href":"https:\/\/www.laperlavalles.cat\/fr\/wp-json\/wp\/v2\/media\/192127"}],"wp:attachment":[{"href":"https:\/\/www.laperlavalles.cat\/fr\/wp-json\/wp\/v2\/media?parent=192144"}],"wp:term":[{"taxonomy":"product_cat","embeddable":true,"href":"https:\/\/www.laperlavalles.cat\/fr\/wp-json\/wp\/v2\/product_cat?post=192144"},{"taxonomy":"product_tag","embeddable":true,"href":"https:\/\/www.laperlavalles.cat\/fr\/wp-json\/wp\/v2\/product_tag?post=192144"}],"curies":[{"name":"wp","href":"https:\/\/api.w.org\/{rel}","templated":true}]}}

<p>Le Vitale Olive Oil Hair Polisher 6oz est un sérum léger qui combine de l&rsquo;huile d&rsquo;olive et de la vitamine E pour apporter brillance, douceur et protection contre la casse des cheveux. Idéal pour les cheveux secs, bouclés ou exposés à la chaleur, il combat les frisottis et améliore l&rsquo;élasticité sans laisser de résidus gras.</p>

<p>Le Vitale Olive Oil Hair Polisher 6oz est un sérum léger qui combine de l&rsquo;huile d&rsquo;olive et de la vitamine E pour apporter brillance, douceur et<span class="excerpt-hellip"> […]</span></p>
