{"id":192204,"date":"2025-04-30T08:39:00","date_gmt":"2025-04-30T06:39:16","guid":{"rendered":"https:\/\/www.laperlavalles.cat\/product\/vitals-olive-oil-leave-in-conditioner-16oz\/"},"modified":"2025-05-12T15:54:27","modified_gmt":"2025-05-12T13:54:27","slug":"vitals-olive-oil-leave-in-conditioner-16oz","status":"publish","type":"product","link":"https:\/\/www.laperlavalles.cat\/fr\/produit\/vitals-olive-oil-leave-in-conditioner-16oz\/","title":{"rendered":"VITALS OLIVE OIL LEAVE-IN CONDITIONER 16OZ"},"content":{"rendered":"<p>Le Vitale Olive Oil Leave-In Conditioner 16oz est un apr\u00e8s-shampooing sans rin\u00e7age qui combine de l&rsquo;huile d&rsquo;olive et de la vitamine B5 pour hydrater et nourrir les cheveux secs ou ab\u00eem\u00e9s. Il aide \u00e0 pr\u00e9venir la casse, apporte de la brillance et facilite le coiffage, laissant les cheveux doux et faciles \u00e0 coiffer.?<\/p>\n","protected":false},"excerpt":{"rendered":"<p>Le Vitale Olive Oil Leave-In Conditioner 16oz est un apr\u00e8s-shampooing sans rin\u00e7age qui combine de l&rsquo;huile d&rsquo;olive et de la vitamine B5 pour hydrater et nourrir<span class=\"excerpt-hellip\"> [\u2026]<\/span><\/p>\n","protected":false},"featured_media":192187,"comment_status":"open","ping_status":"closed","template":"","meta":[],"product_cat":[8461,24331],"product_tag":[],"_links":{"self":[{"href":"https:\/\/www.laperlavalles.cat\/fr\/wp-json\/wp\/v2\/product\/192204"}],"collection":[{"href":"https:\/\/www.laperlavalles.cat\/fr\/wp-json\/wp\/v2\/product"}],"about":[{"href":"https:\/\/www.laperlavalles.cat\/fr\/wp-json\/wp\/v2\/types\/product"}],"replies":[{"embeddable":true,"href":"https:\/\/www.laperlavalles.cat\/fr\/wp-json\/wp\/v2\/comments?post=192204"}],"wp:featuredmedia":[{"embeddable":true,"href":"https:\/\/www.laperlavalles.cat\/fr\/wp-json\/wp\/v2\/media\/192187"}],"wp:attachment":[{"href":"https:\/\/www.laperlavalles.cat\/fr\/wp-json\/wp\/v2\/media?parent=192204"}],"wp:term":[{"taxonomy":"product_cat","embeddable":true,"href":"https:\/\/www.laperlavalles.cat\/fr\/wp-json\/wp\/v2\/product_cat?post=192204"},{"taxonomy":"product_tag","embeddable":true,"href":"https:\/\/www.laperlavalles.cat\/fr\/wp-json\/wp\/v2\/product_tag?post=192204"}],"curies":[{"name":"wp","href":"https:\/\/api.w.org\/{rel}","templated":true}]}}

<p>Le Vitale Olive Oil Leave-In Conditioner 16oz est un après-shampooing sans rinçage qui combine de l&rsquo;huile d&rsquo;olive et de la vitamine B5 pour hydrater et nourrir les cheveux secs ou abîmés. Il aide à prévenir la casse, apporte de la brillance et facilite le coiffage, laissant les cheveux doux et faciles à coiffer.?</p>

<p>Le Vitale Olive Oil Leave-In Conditioner 16oz est un après-shampooing sans rinçage qui combine de l&rsquo;huile d&rsquo;olive et de la vitamine B5 pour hydrater et nourrir<span class="excerpt-hellip"> […]</span></p>
