{"id":193219,"date":"2025-04-30T10:42:22","date_gmt":"2025-04-30T08:42:22","guid":{"rendered":"https:\/\/www.laperlavalles.cat\/product\/poulet-frit-a-la-coreenne-avec-sauce-douce-et-epicee-350g-bibigo-surgele-2\/"},"modified":"2025-04-30T10:42:22","modified_gmt":"2025-04-30T08:42:22","slug":"poulet-frit-a-la-coreenne-avec-sauce-douce-et-epicee-350g-bibigo-surgele-2","status":"publish","type":"product","link":"https:\/\/www.laperlavalles.cat\/fr\/produit\/poulet-frit-a-la-coreenne-avec-sauce-douce-et-epicee-350g-bibigo-surgele-2\/","title":{"rendered":"POULET FRIT \u00c0 LA COR\u00c9ENNE AVEC SAUCE DOUCE ET \u00c9PIC\u00c9E 350G BIBIGO SURGEL\u00c9"},"content":{"rendered":"<p>Pollo Frito Estilo Coreano con Salsa Dulce y Picante 350g Bibigo Congelado: Pollo frito crujiente con salsa dulce y picante, ideal para una comida r\u00e1pida y sabrosa. Se puede cocinar al horno o fre\u00edr para obtener la textura perfecta<\/p>\n","protected":false},"excerpt":{"rendered":"<p>Pollo Frito Estilo Coreano con Salsa Dulce y Picante 350g Bibigo Congelado: Pollo frito crujiente con salsa dulce y picante, ideal para una comida r\u00e1pida y<span class=\"excerpt-hellip\"> [\u2026]<\/span><\/p>\n","protected":false},"featured_media":193215,"comment_status":"open","ping_status":"closed","template":"","meta":[],"product_cat":[8581,8449],"product_tag":[],"_links":{"self":[{"href":"https:\/\/www.laperlavalles.cat\/fr\/wp-json\/wp\/v2\/product\/193219"}],"collection":[{"href":"https:\/\/www.laperlavalles.cat\/fr\/wp-json\/wp\/v2\/product"}],"about":[{"href":"https:\/\/www.laperlavalles.cat\/fr\/wp-json\/wp\/v2\/types\/product"}],"replies":[{"embeddable":true,"href":"https:\/\/www.laperlavalles.cat\/fr\/wp-json\/wp\/v2\/comments?post=193219"}],"wp:featuredmedia":[{"embeddable":true,"href":"https:\/\/www.laperlavalles.cat\/fr\/wp-json\/wp\/v2\/media\/193215"}],"wp:attachment":[{"href":"https:\/\/www.laperlavalles.cat\/fr\/wp-json\/wp\/v2\/media?parent=193219"}],"wp:term":[{"taxonomy":"product_cat","embeddable":true,"href":"https:\/\/www.laperlavalles.cat\/fr\/wp-json\/wp\/v2\/product_cat?post=193219"},{"taxonomy":"product_tag","embeddable":true,"href":"https:\/\/www.laperlavalles.cat\/fr\/wp-json\/wp\/v2\/product_tag?post=193219"}],"curies":[{"name":"wp","href":"https:\/\/api.w.org\/{rel}","templated":true}]}}

POULET FRIT À LA CORÉENNE AVEC SAUCE DOUCE ET ÉPICÉE 350G BIBIGO SURGELÉ

<p>Pollo Frito Estilo Coreano con Salsa Dulce y Picante 350g Bibigo Congelado: Pollo frito crujiente con salsa dulce y picante, ideal para una comida rápida y sabrosa. Se puede cocinar al horno o freír para obtener la textura perfecta</p>

<p>Pollo Frito Estilo Coreano con Salsa Dulce y Picante 350g Bibigo Congelado: Pollo frito crujiente con salsa dulce y picante, ideal para una comida rápida y<span class="excerpt-hellip"> […]</span></p>
