{"id":196943,"date":"2025-06-10T08:59:59","date_gmt":"2025-06-10T07:00:18","guid":{"rendered":"https:\/\/www.laperlavalles.cat\/product\/camille-rose-algae-renew-deep-conditioner-8oz\/"},"modified":"2025-06-10T14:19:04","modified_gmt":"2025-06-10T12:19:04","slug":"camille-rose-algae-renew-deep-conditioner-8oz","status":"publish","type":"product","link":"https:\/\/www.laperlavalles.cat\/fr\/produit\/camille-rose-algae-renew-deep-conditioner-8oz\/","title":{"rendered":"CAMILLE ROSE ALGAE RENEW DEEP CONDITIONER 8OZ"},"content":{"rendered":"<p>Masque revitalisant profond enrichi en algues bleu-vertes et beurre de mangue pour hydrater, r\u00e9parer et renforcer les cheveux. Sa formule contient plus de 65 vitamines, min\u00e9raux et antioxydants, ainsi que de la biotine et du MSM, pour pr\u00e9venir la chute, la casse et l\u2019affinement des cheveux. Laisse les cheveux doux, brillants et faciles \u00e0 d\u00e9m\u00ealer. Convient \u00e0 tous types de cheveux, en particulier boucl\u00e9s, secs ou fragiles.<\/p>\n","protected":false},"excerpt":{"rendered":"<p>Masque revitalisant profond enrichi en algues bleu-vertes et beurre de mangue pour hydrater, r\u00e9parer et renforcer les cheveux. Sa formule contient plus de 65 vitamines, min\u00e9raux<span class=\"excerpt-hellip\"> [\u2026]<\/span><\/p>\n","protected":false},"featured_media":196926,"comment_status":"open","ping_status":"closed","template":"","meta":[],"product_cat":[8461,24331],"product_tag":[],"_links":{"self":[{"href":"https:\/\/www.laperlavalles.cat\/fr\/wp-json\/wp\/v2\/product\/196943"}],"collection":[{"href":"https:\/\/www.laperlavalles.cat\/fr\/wp-json\/wp\/v2\/product"}],"about":[{"href":"https:\/\/www.laperlavalles.cat\/fr\/wp-json\/wp\/v2\/types\/product"}],"replies":[{"embeddable":true,"href":"https:\/\/www.laperlavalles.cat\/fr\/wp-json\/wp\/v2\/comments?post=196943"}],"wp:featuredmedia":[{"embeddable":true,"href":"https:\/\/www.laperlavalles.cat\/fr\/wp-json\/wp\/v2\/media\/196926"}],"wp:attachment":[{"href":"https:\/\/www.laperlavalles.cat\/fr\/wp-json\/wp\/v2\/media?parent=196943"}],"wp:term":[{"taxonomy":"product_cat","embeddable":true,"href":"https:\/\/www.laperlavalles.cat\/fr\/wp-json\/wp\/v2\/product_cat?post=196943"},{"taxonomy":"product_tag","embeddable":true,"href":"https:\/\/www.laperlavalles.cat\/fr\/wp-json\/wp\/v2\/product_tag?post=196943"}],"curies":[{"name":"wp","href":"https:\/\/api.w.org\/{rel}","templated":true}]}}

<p>Masque revitalisant profond enrichi en algues bleu-vertes et beurre de mangue pour hydrater, réparer et renforcer les cheveux. Sa formule contient plus de 65 vitamines, minéraux et antioxydants, ainsi que de la biotine et du MSM, pour prévenir la chute, la casse et l’affinement des cheveux. Laisse les cheveux doux, brillants et faciles à démêler. Convient à tous types de cheveux, en particulier bouclés, secs ou fragiles.</p>

<p>Masque revitalisant profond enrichi en algues bleu-vertes et beurre de mangue pour hydrater, réparer et renforcer les cheveux. Sa formule contient plus de 65 vitamines, minéraux<span class="excerpt-hellip"> […]</span></p>
