{"id":197103,"date":"2025-06-10T09:10:24","date_gmt":"2025-06-10T07:10:40","guid":{"rendered":"https:\/\/www.laperlavalles.cat\/product\/sedal-lis-parfait-apres-shampooing-350ml\/"},"modified":"2025-07-04T09:54:38","modified_gmt":"2025-07-04T07:54:38","slug":"sedal-lis-parfait-apres-shampooing-350ml","status":"publish","type":"product","link":"https:\/\/www.laperlavalles.cat\/fr\/produit\/sedal-lis-parfait-apres-shampooing-350ml\/","title":{"rendered":"SEDAL LIS PARFAIT APR\u00c8S-SHAMPOOING 350ML"},"content":{"rendered":"<p>Apr\u00e8s-shampooing formul\u00e9 pour cheveux lisses, avec une infusion active d\u2019huile de macadamia, de vitamine C et de prot\u00e9ine de soie. Hydrate intens\u00e9ment, contr\u00f4le les frisottis et laisse les cheveux lisses, doux et forts de la racine aux pointes. Convient \u00e0 un usage quotidien.<\/p>\n","protected":false},"excerpt":{"rendered":"<p>Apr\u00e8s-shampooing formul\u00e9 pour cheveux lisses, avec une infusion active d\u2019huile de macadamia, de vitamine C et de prot\u00e9ine de soie. Hydrate intens\u00e9ment, contr\u00f4le les frisottis et<span class=\"excerpt-hellip\"> [\u2026]<\/span><\/p>\n","protected":false},"featured_media":197086,"comment_status":"open","ping_status":"closed","template":"","meta":[],"product_cat":[8461,24331],"product_tag":[],"_links":{"self":[{"href":"https:\/\/www.laperlavalles.cat\/fr\/wp-json\/wp\/v2\/product\/197103"}],"collection":[{"href":"https:\/\/www.laperlavalles.cat\/fr\/wp-json\/wp\/v2\/product"}],"about":[{"href":"https:\/\/www.laperlavalles.cat\/fr\/wp-json\/wp\/v2\/types\/product"}],"replies":[{"embeddable":true,"href":"https:\/\/www.laperlavalles.cat\/fr\/wp-json\/wp\/v2\/comments?post=197103"}],"wp:featuredmedia":[{"embeddable":true,"href":"https:\/\/www.laperlavalles.cat\/fr\/wp-json\/wp\/v2\/media\/197086"}],"wp:attachment":[{"href":"https:\/\/www.laperlavalles.cat\/fr\/wp-json\/wp\/v2\/media?parent=197103"}],"wp:term":[{"taxonomy":"product_cat","embeddable":true,"href":"https:\/\/www.laperlavalles.cat\/fr\/wp-json\/wp\/v2\/product_cat?post=197103"},{"taxonomy":"product_tag","embeddable":true,"href":"https:\/\/www.laperlavalles.cat\/fr\/wp-json\/wp\/v2\/product_tag?post=197103"}],"curies":[{"name":"wp","href":"https:\/\/api.w.org\/{rel}","templated":true}]}}

SEDAL LIS PARFAIT APRÈS-SHAMPOOING 350ML

<p>Après-shampooing formulé pour cheveux lisses, avec une infusion active d’huile de macadamia, de vitamine C et de protéine de soie. Hydrate intensément, contrôle les frisottis et laisse les cheveux lisses, doux et forts de la racine aux pointes. Convient à un usage quotidien.</p>

<p>Après-shampooing formulé pour cheveux lisses, avec une infusion active d’huile de macadamia, de vitamine C et de protéine de soie. Hydrate intensément, contrôle les frisottis et<span class="excerpt-hellip"> […]</span></p>
