{"id":197863,"date":"2025-06-10T10:37:36","date_gmt":"2025-06-10T08:37:36","guid":{"rendered":"https:\/\/www.laperlavalles.cat\/product\/calnort-bouillon-de-viande-250g-4\/"},"modified":"2025-06-10T10:37:36","modified_gmt":"2025-06-10T08:37:36","slug":"calnort-bouillon-de-viande-250g-4","status":"publish","type":"product","link":"https:\/\/www.laperlavalles.cat\/fr\/produit\/calnort-bouillon-de-viande-250g-4\/","title":{"rendered":"CALNORT BOUILLON DE VIANDE 250G"},"content":{"rendered":"<p>Bouillon de viande en poudre, id\u00e9al pour enrichir soupes, riz, rago\u00fbts et sauces avec une saveur intense et authentique de viande. Facile \u00e0 dissoudre, convient aux coeliaques (sans gluten) et certifi\u00e9 halal. Format pratique de 250 g, rendement d\u2019environ 12,5 litres (20 g par litre).<\/p>\n","protected":false},"excerpt":{"rendered":"<p>Bouillon de viande en poudre, id\u00e9al pour enrichir soupes, riz, rago\u00fbts et sauces avec une saveur intense et authentique de viande. Facile \u00e0 dissoudre, convient aux<span class=\"excerpt-hellip\"> [\u2026]<\/span><\/p>\n","protected":false},"featured_media":197859,"comment_status":"open","ping_status":"closed","template":"","meta":[],"product_cat":[36],"product_tag":[],"_links":{"self":[{"href":"https:\/\/www.laperlavalles.cat\/fr\/wp-json\/wp\/v2\/product\/197863"}],"collection":[{"href":"https:\/\/www.laperlavalles.cat\/fr\/wp-json\/wp\/v2\/product"}],"about":[{"href":"https:\/\/www.laperlavalles.cat\/fr\/wp-json\/wp\/v2\/types\/product"}],"replies":[{"embeddable":true,"href":"https:\/\/www.laperlavalles.cat\/fr\/wp-json\/wp\/v2\/comments?post=197863"}],"wp:featuredmedia":[{"embeddable":true,"href":"https:\/\/www.laperlavalles.cat\/fr\/wp-json\/wp\/v2\/media\/197859"}],"wp:attachment":[{"href":"https:\/\/www.laperlavalles.cat\/fr\/wp-json\/wp\/v2\/media?parent=197863"}],"wp:term":[{"taxonomy":"product_cat","embeddable":true,"href":"https:\/\/www.laperlavalles.cat\/fr\/wp-json\/wp\/v2\/product_cat?post=197863"},{"taxonomy":"product_tag","embeddable":true,"href":"https:\/\/www.laperlavalles.cat\/fr\/wp-json\/wp\/v2\/product_tag?post=197863"}],"curies":[{"name":"wp","href":"https:\/\/api.w.org\/{rel}","templated":true}]}}

<p>Bouillon de viande en poudre, idéal pour enrichir soupes, riz, ragoûts et sauces avec une saveur intense et authentique de viande. Facile à dissoudre, convient aux coeliaques (sans gluten) et certifié halal. Format pratique de 250 g, rendement d’environ 12,5 litres (20 g par litre).</p>

<p>Bouillon de viande en poudre, idéal pour enrichir soupes, riz, ragoûts et sauces avec une saveur intense et authentique de viande. Facile à dissoudre, convient aux<span class="excerpt-hellip"> […]</span></p>
