{"id":200313,"date":"2025-06-11T10:50:52","date_gmt":"2025-06-11T08:51:14","guid":{"rendered":"https:\/\/www.laperlavalles.cat\/product\/matembele-feuilles-de-patate-douce-surgelees-500gr\/"},"modified":"2025-07-08T13:27:19","modified_gmt":"2025-07-08T11:27:19","slug":"matembele-feuilles-de-patate-douce-surgelees-500gr","status":"publish","type":"product","link":"https:\/\/www.laperlavalles.cat\/fr\/produit\/matembele-feuilles-de-patate-douce-surgelees-500gr\/","title":{"rendered":"MATEMBELE &#8211; FEUILLES DE PATATE DOUCE SURGEL\u00c9ES 500GR"},"content":{"rendered":"<p>Feuilles de patate douce (matembele) s\u00e9lectionn\u00e9es et surgel\u00e9es, tr\u00e8s utilis\u00e9es dans la cuisine africaine et asiatique. Riches en fibres, vitamines A et C et min\u00e9raux, elles apportent une texture tendre et une saveur d\u00e9licate aux rago\u00fbts, soupes et plats de l\u00e9gumes. Le format de 500 g est pratique et permet de profiter de ce l\u00e9gume nutritif et polyvalent toute l\u2019ann\u00e9e.<\/p>\n","protected":false},"excerpt":{"rendered":"<p>Feuilles de patate douce (matembele) s\u00e9lectionn\u00e9es et surgel\u00e9es, tr\u00e8s utilis\u00e9es dans la cuisine africaine et asiatique. Riches en fibres, vitamines A et C et min\u00e9raux, elles<span class=\"excerpt-hellip\"> [\u2026]<\/span><\/p>\n","protected":false},"featured_media":200291,"comment_status":"open","ping_status":"closed","template":"","meta":[],"product_cat":[8460,8613],"product_tag":[],"_links":{"self":[{"href":"https:\/\/www.laperlavalles.cat\/fr\/wp-json\/wp\/v2\/product\/200313"}],"collection":[{"href":"https:\/\/www.laperlavalles.cat\/fr\/wp-json\/wp\/v2\/product"}],"about":[{"href":"https:\/\/www.laperlavalles.cat\/fr\/wp-json\/wp\/v2\/types\/product"}],"replies":[{"embeddable":true,"href":"https:\/\/www.laperlavalles.cat\/fr\/wp-json\/wp\/v2\/comments?post=200313"}],"wp:featuredmedia":[{"embeddable":true,"href":"https:\/\/www.laperlavalles.cat\/fr\/wp-json\/wp\/v2\/media\/200291"}],"wp:attachment":[{"href":"https:\/\/www.laperlavalles.cat\/fr\/wp-json\/wp\/v2\/media?parent=200313"}],"wp:term":[{"taxonomy":"product_cat","embeddable":true,"href":"https:\/\/www.laperlavalles.cat\/fr\/wp-json\/wp\/v2\/product_cat?post=200313"},{"taxonomy":"product_tag","embeddable":true,"href":"https:\/\/www.laperlavalles.cat\/fr\/wp-json\/wp\/v2\/product_tag?post=200313"}],"curies":[{"name":"wp","href":"https:\/\/api.w.org\/{rel}","templated":true}]}}

MATEMBELE &#8211; FEUILLES DE PATATE DOUCE SURGELÉES 500GR

<p>Feuilles de patate douce (matembele) sélectionnées et surgelées, très utilisées dans la cuisine africaine et asiatique. Riches en fibres, vitamines A et C et minéraux, elles apportent une texture tendre et une saveur délicate aux ragoûts, soupes et plats de légumes. Le format de 500 g est pratique et permet de profiter de ce légume nutritif et polyvalent toute l’année.</p>

<p>Feuilles de patate douce (matembele) sélectionnées et surgelées, très utilisées dans la cuisine africaine et asiatique. Riches en fibres, vitamines A et C et minéraux, elles<span class="excerpt-hellip"> […]</span></p>
