{"id":200418,"date":"2025-06-11T10:58:18","date_gmt":"2025-06-11T08:58:42","guid":{"rendered":"https:\/\/www.laperlavalles.cat\/product\/riz-basmati-lal-qilla-jollof-5kg\/"},"modified":"2025-06-11T14:57:18","modified_gmt":"2025-06-11T12:57:18","slug":"riz-basmati-lal-qilla-jollof-5kg","status":"publish","type":"product","link":"https:\/\/www.laperlavalles.cat\/fr\/produit\/riz-basmati-lal-qilla-jollof-5kg\/","title":{"rendered":"RIZ BASMATI LAL QILLA JOLLOF 5KG"},"content":{"rendered":"<p>Riz basmati d\u2019origine indienne, grain extra-long et texture ferme, id\u00e9al pour des plats aromatiques comme le jollof, le couscous ou le biryani. Lal Qilla se distingue par sa saveur douce, son ar\u00f4me parfum\u00e9 et sa grande capacit\u00e9 \u00e0 absorber les saveurs. Sans gluten et pauvre en graisses, il apporte \u00e9nergie et l\u00e9g\u00e8ret\u00e9 aux plats. Format 5 kg, parfait pour un usage familial ou professionnel<\/p>\n","protected":false},"excerpt":{"rendered":"<p>Riz basmati d\u2019origine indienne, grain extra-long et texture ferme, id\u00e9al pour des plats aromatiques comme le jollof, le couscous ou le biryani. Lal Qilla se distingue<span class=\"excerpt-hellip\"> [\u2026]<\/span><\/p>\n","protected":false},"featured_media":200401,"comment_status":"open","ping_status":"closed","template":"","meta":[],"product_cat":[8455,8607],"product_tag":[],"_links":{"self":[{"href":"https:\/\/www.laperlavalles.cat\/fr\/wp-json\/wp\/v2\/product\/200418"}],"collection":[{"href":"https:\/\/www.laperlavalles.cat\/fr\/wp-json\/wp\/v2\/product"}],"about":[{"href":"https:\/\/www.laperlavalles.cat\/fr\/wp-json\/wp\/v2\/types\/product"}],"replies":[{"embeddable":true,"href":"https:\/\/www.laperlavalles.cat\/fr\/wp-json\/wp\/v2\/comments?post=200418"}],"wp:featuredmedia":[{"embeddable":true,"href":"https:\/\/www.laperlavalles.cat\/fr\/wp-json\/wp\/v2\/media\/200401"}],"wp:attachment":[{"href":"https:\/\/www.laperlavalles.cat\/fr\/wp-json\/wp\/v2\/media?parent=200418"}],"wp:term":[{"taxonomy":"product_cat","embeddable":true,"href":"https:\/\/www.laperlavalles.cat\/fr\/wp-json\/wp\/v2\/product_cat?post=200418"},{"taxonomy":"product_tag","embeddable":true,"href":"https:\/\/www.laperlavalles.cat\/fr\/wp-json\/wp\/v2\/product_tag?post=200418"}],"curies":[{"name":"wp","href":"https:\/\/api.w.org\/{rel}","templated":true}]}}

<p>Riz basmati d’origine indienne, grain extra-long et texture ferme, idéal pour des plats aromatiques comme le jollof, le couscous ou le biryani. Lal Qilla se distingue par sa saveur douce, son arôme parfumé et sa grande capacité à absorber les saveurs. Sans gluten et pauvre en graisses, il apporte énergie et légèreté aux plats. Format 5 kg, parfait pour un usage familial ou professionnel</p>

<p>Riz basmati d’origine indienne, grain extra-long et texture ferme, idéal pour des plats aromatiques comme le jollof, le couscous ou le biryani. Lal Qilla se distingue<span class="excerpt-hellip"> […]</span></p>
