{"id":63770,"date":"2021-07-12T20:08:27","date_gmt":"2021-07-12T18:08:41","guid":{"rendered":"https:\/\/www.laperlavalles2.bcntic.com\/product\/farine-p-a-n-jaune-1kg\/"},"modified":"2023-06-23T08:46:44","modified_gmt":"2023-06-23T06:46:44","slug":"farine-p-a-n-jaune-1kg","status":"publish","type":"product","link":"https:\/\/www.laperlavalles.cat\/fr\/produit\/farine-p-a-n-jaune-1kg\/","title":{"rendered":"FARINE P.A.N. JAUNE 1KG"},"content":{"rendered":"<p>Farine de ma\u00efs jaune P.A.N. C&rsquo;est de la pure farine de ma\u00efs jaune s\u00e9lectionn\u00e9e, sans conservateur, c&rsquo;est pourquoi c&rsquo;est un produit d&rsquo;une qualit\u00e9 exceptionnelle, id\u00e9al pour la pr\u00e9paration rapide et facile des recettes les plus vari\u00e9es et d\u00e9licieuses.<\/p>\n","protected":false},"excerpt":{"rendered":"<p>Farine de ma\u00efs jaune P.A.N. C&rsquo;est de la pure farine de ma\u00efs jaune s\u00e9lectionn\u00e9e, sans conservateur, c&rsquo;est pourquoi c&rsquo;est un produit d&rsquo;une qualit\u00e9 exceptionnelle, id\u00e9al pour<span class=\"excerpt-hellip\"> [\u2026]<\/span><\/p>\n","protected":false},"featured_media":159063,"comment_status":"open","ping_status":"closed","template":"","meta":[],"product_cat":[8583,8456],"product_tag":[],"_links":{"self":[{"href":"https:\/\/www.laperlavalles.cat\/fr\/wp-json\/wp\/v2\/product\/63770"}],"collection":[{"href":"https:\/\/www.laperlavalles.cat\/fr\/wp-json\/wp\/v2\/product"}],"about":[{"href":"https:\/\/www.laperlavalles.cat\/fr\/wp-json\/wp\/v2\/types\/product"}],"replies":[{"embeddable":true,"href":"https:\/\/www.laperlavalles.cat\/fr\/wp-json\/wp\/v2\/comments?post=63770"}],"wp:featuredmedia":[{"embeddable":true,"href":"https:\/\/www.laperlavalles.cat\/fr\/wp-json\/wp\/v2\/media\/159063"}],"wp:attachment":[{"href":"https:\/\/www.laperlavalles.cat\/fr\/wp-json\/wp\/v2\/media?parent=63770"}],"wp:term":[{"taxonomy":"product_cat","embeddable":true,"href":"https:\/\/www.laperlavalles.cat\/fr\/wp-json\/wp\/v2\/product_cat?post=63770"},{"taxonomy":"product_tag","embeddable":true,"href":"https:\/\/www.laperlavalles.cat\/fr\/wp-json\/wp\/v2\/product_tag?post=63770"}],"curies":[{"name":"wp","href":"https:\/\/api.w.org\/{rel}","templated":true}]}}

<p>Farine de maïs jaune P.A.N. C&rsquo;est de la pure farine de maïs jaune sélectionnée, sans conservateur, c&rsquo;est pourquoi c&rsquo;est un produit d&rsquo;une qualité exceptionnelle, idéal pour la préparation rapide et facile des recettes les plus variées et délicieuses.</p>

<p>Farine de maïs jaune P.A.N. C&rsquo;est de la pure farine de maïs jaune sélectionnée, sans conservateur, c&rsquo;est pourquoi c&rsquo;est un produit d&rsquo;une qualité exceptionnelle, idéal pour<span class="excerpt-hellip"> […]</span></p>
