{"id":64190,"date":"2021-07-12T20:15:15","date_gmt":"2021-07-12T18:15:28","guid":{"rendered":"https:\/\/www.laperlavalles2.bcntic.com\/product\/lait-condense-doux-nestle-397gr\/"},"modified":"2023-06-23T09:45:54","modified_gmt":"2023-06-23T07:45:54","slug":"lait-condense-doux-nestle-397gr","status":"publish","type":"product","link":"https:\/\/www.laperlavalles.cat\/fr\/produit\/lait-condense-doux-nestle-397gr\/","title":{"rendered":"LAIT CONDENS\u00c9 DOUX NESTLE 397GR"},"content":{"rendered":"<p>Lait condens\u00e9 Nestl\u00e9 avec sucre.<\/p>\n","protected":false},"excerpt":{"rendered":"<p>Lait condens\u00e9 Nestl\u00e9 avec sucre.<\/p>\n","protected":false},"featured_media":161801,"comment_status":"open","ping_status":"closed","template":"","meta":[],"product_cat":[8446,8584],"product_tag":[],"_links":{"self":[{"href":"https:\/\/www.laperlavalles.cat\/fr\/wp-json\/wp\/v2\/product\/64190"}],"collection":[{"href":"https:\/\/www.laperlavalles.cat\/fr\/wp-json\/wp\/v2\/product"}],"about":[{"href":"https:\/\/www.laperlavalles.cat\/fr\/wp-json\/wp\/v2\/types\/product"}],"replies":[{"embeddable":true,"href":"https:\/\/www.laperlavalles.cat\/fr\/wp-json\/wp\/v2\/comments?post=64190"}],"wp:featuredmedia":[{"embeddable":true,"href":"https:\/\/www.laperlavalles.cat\/fr\/wp-json\/wp\/v2\/media\/161801"}],"wp:attachment":[{"href":"https:\/\/www.laperlavalles.cat\/fr\/wp-json\/wp\/v2\/media?parent=64190"}],"wp:term":[{"taxonomy":"product_cat","embeddable":true,"href":"https:\/\/www.laperlavalles.cat\/fr\/wp-json\/wp\/v2\/product_cat?post=64190"},{"taxonomy":"product_tag","embeddable":true,"href":"https:\/\/www.laperlavalles.cat\/fr\/wp-json\/wp\/v2\/product_tag?post=64190"}],"curies":[{"name":"wp","href":"https:\/\/api.w.org\/{rel}","templated":true}]}}

LAIT CONDENSÉ DOUX NESTLE 397GR

<p>Lait condensé Nestlé avec sucre.</p>
