{"id":64250,"date":"2021-07-12T20:16:15","date_gmt":"2021-07-12T18:16:28","guid":{"rendered":"https:\/\/www.laperlavalles2.bcntic.com\/product\/cerelac-ble-et-miel-1kg\/"},"modified":"2023-06-23T10:03:01","modified_gmt":"2023-06-23T08:03:01","slug":"cerelac-ble-et-miel-1kg","status":"publish","type":"product","link":"https:\/\/www.laperlavalles.cat\/fr\/produit\/cerelac-ble-et-miel-1kg\/","title":{"rendered":"CERELAC BL\u00c9 ET MIEL 1KG"},"content":{"rendered":"<p>Nestl\u00e9 Cerelac Wheat &amp; Honey &amp; Milk est la c\u00e9l\u00e8bre bouillie de miel, bl\u00e9 et lait Nestl\u00e9. \u00c0 partir de 12 mois.<\/p>\n","protected":false},"excerpt":{"rendered":"<p>Nestl\u00e9 Cerelac Wheat &amp; Honey &amp; Milk est la c\u00e9l\u00e8bre bouillie de miel, bl\u00e9 et lait Nestl\u00e9. \u00c0 partir de 12 mois.<\/p>\n","protected":false},"featured_media":162553,"comment_status":"open","ping_status":"closed","template":"","meta":[],"product_cat":[8446,8584],"product_tag":[],"_links":{"self":[{"href":"https:\/\/www.laperlavalles.cat\/fr\/wp-json\/wp\/v2\/product\/64250"}],"collection":[{"href":"https:\/\/www.laperlavalles.cat\/fr\/wp-json\/wp\/v2\/product"}],"about":[{"href":"https:\/\/www.laperlavalles.cat\/fr\/wp-json\/wp\/v2\/types\/product"}],"replies":[{"embeddable":true,"href":"https:\/\/www.laperlavalles.cat\/fr\/wp-json\/wp\/v2\/comments?post=64250"}],"wp:featuredmedia":[{"embeddable":true,"href":"https:\/\/www.laperlavalles.cat\/fr\/wp-json\/wp\/v2\/media\/162553"}],"wp:attachment":[{"href":"https:\/\/www.laperlavalles.cat\/fr\/wp-json\/wp\/v2\/media?parent=64250"}],"wp:term":[{"taxonomy":"product_cat","embeddable":true,"href":"https:\/\/www.laperlavalles.cat\/fr\/wp-json\/wp\/v2\/product_cat?post=64250"},{"taxonomy":"product_tag","embeddable":true,"href":"https:\/\/www.laperlavalles.cat\/fr\/wp-json\/wp\/v2\/product_tag?post=64250"}],"curies":[{"name":"wp","href":"https:\/\/api.w.org\/{rel}","templated":true}]}}

CERELAC BLÉ ET MIEL 1KG

<p>Nestlé Cerelac Wheat &amp; Honey &amp; Milk est la célèbre bouillie de miel, blé et lait Nestlé. À partir de 12 mois.</p>
