{"id":64310,"date":"2021-07-12T20:17:21","date_gmt":"2021-07-12T18:17:35","guid":{"rendered":"https:\/\/www.laperlavalles2.bcntic.com\/product\/creme-de-figues-the-elements\/"},"modified":"2023-06-23T11:39:53","modified_gmt":"2023-06-23T09:39:53","slug":"creme-de-figues-the-elements","status":"publish","type":"product","link":"https:\/\/www.laperlavalles.cat\/fr\/produit\/creme-de-figues-the-elements\/","title":{"rendered":"CR\u00c8ME DE FIGUES THE ELEMENTS"},"content":{"rendered":"<p>La cr\u00e8me de figue The Elements est une cr\u00e8me \u00e0 tartiner naturelle sans colorants ni sucres ajout\u00e9s. C&rsquo;est un produit id\u00e9al pour les petits d\u00e9jeuners, les collations ou comme ingr\u00e9dient culinaire. Une alternative parfaite \u00e0 toute confiture ou p\u00e2te \u00e0 tartiner sucr\u00e9e.<\/p>\n","protected":false},"excerpt":{"rendered":"<p>La cr\u00e8me de figue The Elements est une cr\u00e8me \u00e0 tartiner naturelle sans colorants ni sucres ajout\u00e9s. C&rsquo;est un produit id\u00e9al pour les petits d\u00e9jeuners, les<span class=\"excerpt-hellip\"> [\u2026]<\/span><\/p>\n","protected":false},"featured_media":166903,"comment_status":"open","ping_status":"closed","template":"","meta":[],"product_cat":[8446,8584],"product_tag":[],"_links":{"self":[{"href":"https:\/\/www.laperlavalles.cat\/fr\/wp-json\/wp\/v2\/product\/64310"}],"collection":[{"href":"https:\/\/www.laperlavalles.cat\/fr\/wp-json\/wp\/v2\/product"}],"about":[{"href":"https:\/\/www.laperlavalles.cat\/fr\/wp-json\/wp\/v2\/types\/product"}],"replies":[{"embeddable":true,"href":"https:\/\/www.laperlavalles.cat\/fr\/wp-json\/wp\/v2\/comments?post=64310"}],"wp:featuredmedia":[{"embeddable":true,"href":"https:\/\/www.laperlavalles.cat\/fr\/wp-json\/wp\/v2\/media\/166903"}],"wp:attachment":[{"href":"https:\/\/www.laperlavalles.cat\/fr\/wp-json\/wp\/v2\/media?parent=64310"}],"wp:term":[{"taxonomy":"product_cat","embeddable":true,"href":"https:\/\/www.laperlavalles.cat\/fr\/wp-json\/wp\/v2\/product_cat?post=64310"},{"taxonomy":"product_tag","embeddable":true,"href":"https:\/\/www.laperlavalles.cat\/fr\/wp-json\/wp\/v2\/product_tag?post=64310"}],"curies":[{"name":"wp","href":"https:\/\/api.w.org\/{rel}","templated":true}]}}

CRÈME DE FIGUES THE ELEMENTS

<p>La crème de figue The Elements est une crème à tartiner naturelle sans colorants ni sucres ajoutés. C&rsquo;est un produit idéal pour les petits déjeuners, les collations ou comme ingrédient culinaire. Une alternative parfaite à toute confiture ou pâte à tartiner sucrée.</p>

<p>La crème de figue The Elements est une crème à tartiner naturelle sans colorants ni sucres ajoutés. C&rsquo;est un produit idéal pour les petits déjeuners, les<span class="excerpt-hellip"> […]</span></p>
