{"id":64350,"date":"2021-07-12T20:18:06","date_gmt":"2021-07-12T18:18:21","guid":{"rendered":"https:\/\/www.laperlavalles2.bcntic.com\/product\/creme-de-sesame-et-cacao-the-elements\/"},"modified":"2023-06-23T11:08:44","modified_gmt":"2023-06-23T09:08:44","slug":"creme-de-sesame-et-cacao-the-elements","status":"publish","type":"product","link":"https:\/\/www.laperlavalles.cat\/fr\/produit\/creme-de-sesame-et-cacao-the-elements\/","title":{"rendered":"CR\u00c8ME DE S\u00c9SAME ET CACAO THE ELEMENTS"},"content":{"rendered":"<p>La tartinade de cacao au s\u00e9same The Elements est une tartinade id\u00e9ale sur du pain ou des toasts. Il ne contient pas de sucres ajout\u00e9s. C&rsquo;est un produit naturel id\u00e9al \u00e0 distribuer dans les magasins de di\u00e9t\u00e9tique et de nutrition sp\u00e9cialis\u00e9e, ainsi que dans les supermarch\u00e9s, hypermarch\u00e9s ou mara\u00eechers.<\/p>\n","protected":false},"excerpt":{"rendered":"<p>La tartinade de cacao au s\u00e9same The Elements est une tartinade id\u00e9ale sur du pain ou des toasts. Il ne contient pas de sucres ajout\u00e9s. C&rsquo;est<span class=\"excerpt-hellip\"> [\u2026]<\/span><\/p>\n","protected":false},"featured_media":165495,"comment_status":"open","ping_status":"closed","template":"","meta":[],"product_cat":[8446,8584],"product_tag":[],"_links":{"self":[{"href":"https:\/\/www.laperlavalles.cat\/fr\/wp-json\/wp\/v2\/product\/64350"}],"collection":[{"href":"https:\/\/www.laperlavalles.cat\/fr\/wp-json\/wp\/v2\/product"}],"about":[{"href":"https:\/\/www.laperlavalles.cat\/fr\/wp-json\/wp\/v2\/types\/product"}],"replies":[{"embeddable":true,"href":"https:\/\/www.laperlavalles.cat\/fr\/wp-json\/wp\/v2\/comments?post=64350"}],"wp:featuredmedia":[{"embeddable":true,"href":"https:\/\/www.laperlavalles.cat\/fr\/wp-json\/wp\/v2\/media\/165495"}],"wp:attachment":[{"href":"https:\/\/www.laperlavalles.cat\/fr\/wp-json\/wp\/v2\/media?parent=64350"}],"wp:term":[{"taxonomy":"product_cat","embeddable":true,"href":"https:\/\/www.laperlavalles.cat\/fr\/wp-json\/wp\/v2\/product_cat?post=64350"},{"taxonomy":"product_tag","embeddable":true,"href":"https:\/\/www.laperlavalles.cat\/fr\/wp-json\/wp\/v2\/product_tag?post=64350"}],"curies":[{"name":"wp","href":"https:\/\/api.w.org\/{rel}","templated":true}]}}

CRÈME DE SÉSAME ET CACAO THE ELEMENTS

<p>La tartinade de cacao au sésame The Elements est une tartinade idéale sur du pain ou des toasts. Il ne contient pas de sucres ajoutés. C&rsquo;est un produit naturel idéal à distribuer dans les magasins de diététique et de nutrition spécialisée, ainsi que dans les supermarchés, hypermarchés ou maraîchers.</p>

<p>La tartinade de cacao au sésame The Elements est une tartinade idéale sur du pain ou des toasts. Il ne contient pas de sucres ajoutés. C&rsquo;est<span class="excerpt-hellip"> […]</span></p>
