{"id":65870,"date":"2021-07-12T20:43:57","date_gmt":"2021-07-12T18:44:11","guid":{"rendered":"https:\/\/www.laperlavalles2.bcntic.com\/product\/tom-brown-freshtasty-2\/"},"modified":"2024-08-30T13:39:30","modified_gmt":"2024-08-30T11:39:30","slug":"tom-brown-freshtasty-2","status":"publish","type":"product","link":"https:\/\/www.laperlavalles.cat\/fr\/produit\/tom-brown-freshtasty-2\/","title":{"rendered":"TOM BROWN FRESH&amp;TASTY"},"content":{"rendered":"<p>Pr\u00e9paration de millet bouillie chaude.<br \/>\nProductes Alimentaris La Perla est une entreprise d\u00e9di\u00e9e \u00e0 l&rsquo;importation et \u00e0 la distribution d&rsquo;aliments ethniques et mondiaux d&rsquo;Afrique, d&rsquo;Asie et d&rsquo;Am\u00e9rique du Sud<\/p>\n","protected":false},"excerpt":{"rendered":"<p>Pr\u00e9paration de millet bouillie chaude. Productes Alimentaris La Perla est une entreprise d\u00e9di\u00e9e \u00e0 l&rsquo;importation et \u00e0 la distribution d&rsquo;aliments ethniques et mondiaux d&rsquo;Afrique, d&rsquo;Asie et<span class=\"excerpt-hellip\"> [\u2026]<\/span><\/p>\n","protected":false},"featured_media":154469,"comment_status":"open","ping_status":"closed","template":"","meta":[],"product_cat":[10616],"product_tag":[],"_links":{"self":[{"href":"https:\/\/www.laperlavalles.cat\/fr\/wp-json\/wp\/v2\/product\/65870"}],"collection":[{"href":"https:\/\/www.laperlavalles.cat\/fr\/wp-json\/wp\/v2\/product"}],"about":[{"href":"https:\/\/www.laperlavalles.cat\/fr\/wp-json\/wp\/v2\/types\/product"}],"replies":[{"embeddable":true,"href":"https:\/\/www.laperlavalles.cat\/fr\/wp-json\/wp\/v2\/comments?post=65870"}],"wp:featuredmedia":[{"embeddable":true,"href":"https:\/\/www.laperlavalles.cat\/fr\/wp-json\/wp\/v2\/media\/154469"}],"wp:attachment":[{"href":"https:\/\/www.laperlavalles.cat\/fr\/wp-json\/wp\/v2\/media?parent=65870"}],"wp:term":[{"taxonomy":"product_cat","embeddable":true,"href":"https:\/\/www.laperlavalles.cat\/fr\/wp-json\/wp\/v2\/product_cat?post=65870"},{"taxonomy":"product_tag","embeddable":true,"href":"https:\/\/www.laperlavalles.cat\/fr\/wp-json\/wp\/v2\/product_tag?post=65870"}],"curies":[{"name":"wp","href":"https:\/\/api.w.org\/{rel}","templated":true}]}}

<p>Préparation de millet bouillie chaude.<br />
Productes Alimentaris La Perla est une entreprise dédiée à l&rsquo;importation et à la distribution d&rsquo;aliments ethniques et mondiaux d&rsquo;Afrique, d&rsquo;Asie et d&rsquo;Amérique du Sud</p>

<p>Préparation de millet bouillie chaude. Productes Alimentaris La Perla est une entreprise dédiée à l&rsquo;importation et à la distribution d&rsquo;aliments ethniques et mondiaux d&rsquo;Afrique, d&rsquo;Asie et<span class="excerpt-hellip"> […]</span></p>
