{"id":66230,"date":"2021-07-12T20:50:10","date_gmt":"2021-07-12T18:50:22","guid":{"rendered":"https:\/\/www.laperlavalles2.bcntic.com\/product\/fecule-de-pomme-de-terre-25kg\/"},"modified":"2024-03-28T13:11:45","modified_gmt":"2024-03-28T12:11:45","slug":"fecule-de-pomme-de-terre-25kg","status":"publish","type":"product","link":"https:\/\/www.laperlavalles.cat\/fr\/produit\/fecule-de-pomme-de-terre-25kg\/","title":{"rendered":"F\u00c9CULE DE POMME DE TERRE 25KG"},"content":{"rendered":"<p>F\u00e9cule de pomme de terre de marque LP African Foods, avec la garantie et la qualit\u00e9 des produits LP African Foods.<\/p>\n","protected":false},"excerpt":{"rendered":"<p>F\u00e9cule de pomme de terre de marque LP African Foods, avec la garantie et la qualit\u00e9 des produits LP African Foods.<\/p>\n","protected":false},"featured_media":159351,"comment_status":"open","ping_status":"closed","template":"","meta":[],"product_cat":[8589,8456],"product_tag":[],"_links":{"self":[{"href":"https:\/\/www.laperlavalles.cat\/fr\/wp-json\/wp\/v2\/product\/66230"}],"collection":[{"href":"https:\/\/www.laperlavalles.cat\/fr\/wp-json\/wp\/v2\/product"}],"about":[{"href":"https:\/\/www.laperlavalles.cat\/fr\/wp-json\/wp\/v2\/types\/product"}],"replies":[{"embeddable":true,"href":"https:\/\/www.laperlavalles.cat\/fr\/wp-json\/wp\/v2\/comments?post=66230"}],"wp:featuredmedia":[{"embeddable":true,"href":"https:\/\/www.laperlavalles.cat\/fr\/wp-json\/wp\/v2\/media\/159351"}],"wp:attachment":[{"href":"https:\/\/www.laperlavalles.cat\/fr\/wp-json\/wp\/v2\/media?parent=66230"}],"wp:term":[{"taxonomy":"product_cat","embeddable":true,"href":"https:\/\/www.laperlavalles.cat\/fr\/wp-json\/wp\/v2\/product_cat?post=66230"},{"taxonomy":"product_tag","embeddable":true,"href":"https:\/\/www.laperlavalles.cat\/fr\/wp-json\/wp\/v2\/product_tag?post=66230"}],"curies":[{"name":"wp","href":"https:\/\/api.w.org\/{rel}","templated":true}]}}

FÉCULE DE POMME DE TERRE 25KG

<p>Fécule de pomme de terre de marque LP African Foods, avec la garantie et la qualité des produits LP African Foods.</p>
