{"id":66250,"date":"2021-07-12T20:50:28","date_gmt":"2021-07-12T18:50:41","guid":{"rendered":"https:\/\/www.laperlavalles2.bcntic.com\/product\/fecule-de-pomme-de-terre-6kg\/"},"modified":"2024-06-03T09:49:33","modified_gmt":"2024-06-03T07:49:33","slug":"fecule-de-pomme-de-terre-6kg","status":"publish","type":"product","link":"https:\/\/www.laperlavalles.cat\/fr\/produit\/fecule-de-pomme-de-terre-6kg\/","title":{"rendered":"F\u00c9CULE DE POMME DE TERRE 6KG"},"content":{"rendered":"<p>F\u00e9cule de pomme de terre de marque LP African Foods, avec la garantie et la qualit\u00e9 des produits LP African Foods.<\/p>\n","protected":false},"excerpt":{"rendered":"<p>F\u00e9cule de pomme de terre de marque LP African Foods, avec la garantie et la qualit\u00e9 des produits LP African Foods.<\/p>\n","protected":false},"featured_media":159376,"comment_status":"open","ping_status":"closed","template":"","meta":[],"product_cat":[8589,8456],"product_tag":[],"_links":{"self":[{"href":"https:\/\/www.laperlavalles.cat\/fr\/wp-json\/wp\/v2\/product\/66250"}],"collection":[{"href":"https:\/\/www.laperlavalles.cat\/fr\/wp-json\/wp\/v2\/product"}],"about":[{"href":"https:\/\/www.laperlavalles.cat\/fr\/wp-json\/wp\/v2\/types\/product"}],"replies":[{"embeddable":true,"href":"https:\/\/www.laperlavalles.cat\/fr\/wp-json\/wp\/v2\/comments?post=66250"}],"wp:featuredmedia":[{"embeddable":true,"href":"https:\/\/www.laperlavalles.cat\/fr\/wp-json\/wp\/v2\/media\/159376"}],"wp:attachment":[{"href":"https:\/\/www.laperlavalles.cat\/fr\/wp-json\/wp\/v2\/media?parent=66250"}],"wp:term":[{"taxonomy":"product_cat","embeddable":true,"href":"https:\/\/www.laperlavalles.cat\/fr\/wp-json\/wp\/v2\/product_cat?post=66250"},{"taxonomy":"product_tag","embeddable":true,"href":"https:\/\/www.laperlavalles.cat\/fr\/wp-json\/wp\/v2\/product_tag?post=66250"}],"curies":[{"name":"wp","href":"https:\/\/api.w.org\/{rel}","templated":true}]}}

FÉCULE DE POMME DE TERRE 6KG

<p>Fécule de pomme de terre de marque LP African Foods, avec la garantie et la qualité des produits LP African Foods.</p>
